{"id":481,"date":"2020-01-28T15:21:00","date_gmt":"2020-01-28T14:21:00","guid":{"rendered":"podlove-2020-01-28t13:48:52+00:00-2c5ea684c1a512c"},"modified":"2020-01-28T16:23:37","modified_gmt":"2020-01-28T15:23:37","slug":"mfdb052-illusionen","status":"publish","type":"podcast","link":"https:\/\/www.kuechenstud.io\/mein-freund-der-baum\/mfdb052-illusionen\/","title":{"rendered":"MFDB052 Illusionen"},"content":{"rendered":"\n<p>Wir haben lange keine so kurzweilige wissenschaftliche Abhandlung gelesen wie Andreas Reckwitz&#8217; Ende der Illusionen, die wie wir finden brillant die Lebensweise der Boomer und Pillenknickergeneration in den Zehnerjahren beschreiben, und mehrmals f\u00fchlten wir uns geradezu ertappt &#8211; weil wir, wie er in guter Soziologenmanier herleitet, keineswegs so einzigartig oder auch nur originell sind, wie wir glauben, sondern vielmehr Teil einer Epoche, vielleicht auch einer Bewegung; letzteres w\u00fcrden wir als kleineres \u00dcbel sogar hinnehmen, Hauptsache, wir waren auf Erden kurz grandios, so nennt Ocean Vuong das Selbstgef\u00fchl seiner unter Schmerzen eingewanderten Familie und ihrer Kinder, Monika Marion hat etwas Neues vorgelegt, vielleicht der Roman zur Fl\u00fcchtlingskrise, vielleicht die vorweggenommene Antwort auf Reckwitz&#8217; Hinweis auf die Existenz einer mit dem Paternoster absteigenden Klasse, f\u00fcr die die digitale Moderne nicht so grandios ist &#8211; und am Ende m\u00fcssen wir uns den Fall Jonathan Safran Foer noch einmal vornehmen, freilich ohne ihn gelesen zu haben: Muss man vielleicht auch nicht.<\/p>\n\n\n\n<p><a href=\"https:\/\/www.amazon.de\/gp\/product\/3518127357\/ref=as_li_qf_asin_il_tl?ie=UTF8&amp;tag=kuechenradioo-21&amp;creative=6742&amp;linkCode=as2&amp;creativeASIN=3518127357&amp;linkId=5cb7c500d2d03ecdb3955bab1793594c\" target=\"_blank\" rel=\"noreferrer noopener\" aria-label=\"1.) Andreas Reckwitz: Das Ende der Illusionen (\u00f6ffnet in neuem Tab)\">1.) Andreas Reckwitz: Das Ende der Illusionen<\/a><\/p>\n\n\n\n<p>2.) <a rel=\"noreferrer noopener\" aria-label=\"Monika Maron: Munin oder Chaos im Kopf (\u00f6ffnet in neuem Tab)\" href=\"https:\/\/www.amazon.de\/gp\/product\/3100488407\/ref=as_li_qf_asin_il_tl?ie=UTF8&amp;tag=kuechenradioo-21&amp;creative=6742&amp;linkCode=as2&amp;creativeASIN=3100488407&amp;linkId=39734c22be733dc1a27ab84175729db9\" target=\"_blank\">Monika Maron: Munin oder Chaos im Kopf<\/a><\/p>\n\n\n\n<p>3.) <a rel=\"noreferrer noopener\" aria-label=\"Ocean Vuong: Auf Erden sind wir kurz grandios (\u00f6ffnet in neuem Tab)\" href=\"https:\/\/www.amazon.de\/gp\/product\/3446263896\/ref=as_li_qf_asin_il_tl?ie=UTF8&amp;tag=kuechenradioo-21&amp;creative=6742&amp;linkCode=as2&amp;creativeASIN=3446263896&amp;linkId=92f64def928eb3968ce6f4a37f47d8d7\" target=\"_blank\">Ocean Vuong: Auf Erden sind wir kurz grandios<\/a><\/p>\n\n\n\n<p>4.) <a rel=\"noreferrer noopener\" aria-label=\"Jonathan Safran Foer: Wir sind das Klima! (\u00f6ffnet in neuem Tab)\" href=\"https:\/\/www.amazon.de\/gp\/product\/3462053213\/ref=as_li_qf_asin_il_tl?ie=UTF8&amp;tag=kuechenradioo-21&amp;creative=6742&amp;linkCode=as2&amp;creativeASIN=3462053213&amp;linkId=354995370707cca7b1f6d48d4cfb9872\" target=\"_blank\">Jonathan Safran Foer: Wir sind das Klima!<\/a><\/p>\n\n\n\n<p>Das war ein gro\u00dfer Spa\u00df!<\/p>\n","protected":false},"author":4,"featured_media":0,"comment_status":"open","ping_status":"open","template":"","meta":{"_acf_changed":false,"footnotes":""},"tags":[47,51,49,48,52,50],"class_list":["post-481","podcast","type-podcast","status-publish","hentry","tag-foer","tag-illusionen","tag-klima","tag-maron","tag-ocean-vuong","tag-reckwitz","post"],"acf":[],"_links":{"self":[{"href":"https:\/\/www.kuechenstud.io\/mein-freund-der-baum\/wp-json\/wp\/v2\/episodes\/481","targetHints":{"allow":["GET"]}}],"collection":[{"href":"https:\/\/www.kuechenstud.io\/mein-freund-der-baum\/wp-json\/wp\/v2\/episodes"}],"about":[{"href":"https:\/\/www.kuechenstud.io\/mein-freund-der-baum\/wp-json\/wp\/v2\/types\/podcast"}],"author":[{"embeddable":true,"href":"https:\/\/www.kuechenstud.io\/mein-freund-der-baum\/wp-json\/wp\/v2\/users\/4"}],"replies":[{"embeddable":true,"href":"https:\/\/www.kuechenstud.io\/mein-freund-der-baum\/wp-json\/wp\/v2\/comments?post=481"}],"version-history":[{"count":4,"href":"https:\/\/www.kuechenstud.io\/mein-freund-der-baum\/wp-json\/wp\/v2\/episodes\/481\/revisions"}],"predecessor-version":[{"id":485,"href":"https:\/\/www.kuechenstud.io\/mein-freund-der-baum\/wp-json\/wp\/v2\/episodes\/481\/revisions\/485"}],"wp:attachment":[{"href":"https:\/\/www.kuechenstud.io\/mein-freund-der-baum\/wp-json\/wp\/v2\/media?parent=481"}],"wp:term":[{"taxonomy":"post_tag","embeddable":true,"href":"https:\/\/www.kuechenstud.io\/mein-freund-der-baum\/wp-json\/wp\/v2\/tags?post=481"}],"curies":[{"name":"wp","href":"https:\/\/api.w.org\/{rel}","templated":true}]}}

<p>Wir haben lange keine so kurzweilige wissenschaftliche Abhandlung gelesen wie Andreas Reckwitz&#8217; Ende der Illusionen, die wie wir finden brillant die Lebensweise der Boomer und Pillenknickergeneration in den Zehnerjahren beschreiben, und mehrmals fühlten wir uns geradezu ertappt &#8211; weil wir, wie er in guter Soziologenmanier herleitet, keineswegs so einzigartig oder auch nur originell sind, wie wir glauben, sondern vielmehr Teil einer Epoche, vielleicht auch einer Bewegung; letzteres würden wir als kleineres Übel sogar hinnehmen, Hauptsache, wir waren auf Erden kurz grandios, so nennt Ocean Vuong das Selbstgefühl seiner unter Schmerzen eingewanderten Familie und ihrer Kinder, Monika Marion hat etwas Neues vorgelegt, vielleicht der Roman zur Flüchtlingskrise, vielleicht die vorweggenommene Antwort auf Reckwitz&#8217; Hinweis auf die Existenz einer mit dem Paternoster absteigenden Klasse, für die die digitale Moderne nicht so grandios ist &#8211; und am Ende müssen wir uns den Fall Jonathan Safran Foer noch einmal vornehmen, freilich ohne ihn gelesen zu haben: Muss man vielleicht auch nicht.</p>



<p><a href="https://www.amazon.de/gp/product/3518127357/ref=as_li_qf_asin_il_tl?ie=UTF8&amp;tag=kuechenradioo-21&amp;creative=6742&amp;linkCode=as2&amp;creativeASIN=3518127357&amp;linkId=5cb7c500d2d03ecdb3955bab1793594c" target="_blank" rel="noreferrer noopener" aria-label="1.) Andreas Reckwitz: Das Ende der Illusionen (öffnet in neuem Tab)">1.) Andreas Reckwitz: Das Ende der Illusionen</a></p>



<p>2.) <a rel="noreferrer noopener" aria-label="Monika Maron: Munin oder Chaos im Kopf (öffnet in neuem Tab)" href="https://www.amazon.de/gp/product/3100488407/ref=as_li_qf_asin_il_tl?ie=UTF8&amp;tag=kuechenradioo-21&amp;creative=6742&amp;linkCode=as2&amp;creativeASIN=3100488407&amp;linkId=39734c22be733dc1a27ab84175729db9" target="_blank">Monika Maron: Munin oder Chaos im Kopf</a></p>



<p>3.) <a rel="noreferrer noopener" aria-label="Ocean Vuong: Auf Erden sind wir kurz grandios (öffnet in neuem Tab)" href="https://www.amazon.de/gp/product/3446263896/ref=as_li_qf_asin_il_tl?ie=UTF8&amp;tag=kuechenradioo-21&amp;creative=6742&amp;linkCode=as2&amp;creativeASIN=3446263896&amp;linkId=92f64def928eb3968ce6f4a37f47d8d7" target="_blank">Ocean Vuong: Auf Erden sind wir kurz grandios</a></p>



<p>4.) <a rel="noreferrer noopener" aria-label="Jonathan Safran Foer: Wir sind das Klima! (öffnet in neuem Tab)" href="https://www.amazon.de/gp/product/3462053213/ref=as_li_qf_asin_il_tl?ie=UTF8&amp;tag=kuechenradioo-21&amp;creative=6742&amp;linkCode=as2&amp;creativeASIN=3462053213&amp;linkId=354995370707cca7b1f6d48d4cfb9872" target="_blank">Jonathan Safran Foer: Wir sind das Klima!</a></p>



<p>Das war ein großer Spaß!</p>
