{"id":358,"date":"2017-04-06T11:24:28","date_gmt":"2017-04-06T10:24:28","guid":{"rendered":"podlove-2017-04-06t10:16:06+00:00-c796f9992b33ba5"},"modified":"2017-04-14T12:22:51","modified_gmt":"2017-04-14T11:22:51","slug":"mfdb040-bodentiefe-fenster","status":"publish","type":"podcast","link":"https:\/\/www.kuechenstud.io\/mein-freund-der-baum\/mfdb040-bodentiefe-fenster\/","title":{"rendered":"MFDB040 Bodentiefe Fenster"},"content":{"rendered":"<p>In ihren <em>Bodentiefen Fenstern<\/em> geht Anke Stelling an die Schmerzgrenze: Sie bespricht in allen Details die Verwerfungen in einem Prenzlauer Berger Hausprojekt und malt die Macken der verschiedenen Bewohner qu\u00e4lend genau aus &#8211; weil die Heldin in ihrem Buch ihr sehr \u00e4hnlich ist, wird die Autorin, so sagt es der Berliner Literaturgossip, seither in ihrem eigenen, realexistierenden Hausprojekt b\u00f6se geschnitten. Etwas \u00e4hnliches hat Jutta Voigt ihren <em>Stierblutjahren<\/em> getan, nur dass sie ihre Arbeit als Sachbuch tarnt. Wie also ist das Verh\u00e4ltnis zwischen Wirklichkeit und Ausgedachtem und kann man es \u00fcberhaupt trennen? Wo verl\u00e4uft die Grenze zwischen erlebter und erschaffener Wirklichkeit und brauchen wir sie \u00fcberhaupt? Genau dieselbe Frage m\u00fcssen wir dem englischen Wissenschaftler, Autor und Keramiker Edmund de Waal stellen, der eine Familiengeschichte zwischen Odessa, Wien und Paris aufgezeichnet hat; im \u00dcbrigen behandeln Andrea Frey und Andreas Baum ein viertes Buch. Das war ein gro\u00dfer Spa\u00df! <\/p>\n<p><a href=\"https:\/\/www.amazon.de\/gp\/product\/3548288510\/ref=as_li_qf_sp_asin_il_tl?ie=UTF8&amp;camp=1638&amp;creative=6742&amp;creativeASIN=3548288510&amp;linkCode=as2&amp;tag=kuechenradioo-21\" target=\"_blank\">1.) Anke Stelling: Bodentiefe Fenster<\/a><br \/>\n<a href=\"https:\/\/www.amazon.de\/gp\/product\/3351036116\/ref=as_li_qf_sp_asin_il_tl?ie=UTF8&amp;camp=1638&amp;creative=6742&amp;creativeASIN=3351036116&amp;linkCode=as2&amp;tag=kuechenradioo-21\" target=\"_blank\">2.) Jutta Voigt: Stierblutjahre<\/a><br \/>\n<a href=\"https:\/\/www.amazon.de\/gp\/product\/342314212X\/ref=as_li_qf_sp_asin_il_tl?ie=UTF8&amp;camp=1638&amp;creative=6742&amp;creativeASIN=342314212X&amp;linkCode=as2&amp;tag=kuechenradioo-21\" target=\"_blank\">3.) Edmund de Waal: Der Hase mit den Bernsteinaugen<\/a><br \/>\n<a href=\"https:\/\/www.amazon.de\/gp\/product\/349805810X\/ref=as_li_qf_sp_asin_il_tl?ie=UTF8&amp;camp=1638&amp;creative=6742&amp;creativeASIN=349805810X&amp;linkCode=as2&amp;tag=kuechenradioo-21\" target=\"_blank\">4.) <a href=\"https:\/\/www.amazon.de\/gp\/product\/3518371002\/ref=as_li_qf_sp_asin_il_tl?ie=UTF8&amp;camp=1638&amp;creative=6742&amp;creativeASIN=3518371002&amp;linkCode=as2&amp;tag=kuechenradioo-21\" target=\"_blank\">Martin Walser: Ein fliehendes Pferd<\/a><\/p>\n","protected":false},"author":4,"featured_media":0,"comment_status":"open","ping_status":"open","template":"","meta":{"_acf_changed":false,"footnotes":""},"tags":[],"class_list":["post-358","podcast","type-podcast","status-publish","hentry","post"],"acf":[],"_links":{"self":[{"href":"https:\/\/www.kuechenstud.io\/mein-freund-der-baum\/wp-json\/wp\/v2\/episodes\/358","targetHints":{"allow":["GET"]}}],"collection":[{"href":"https:\/\/www.kuechenstud.io\/mein-freund-der-baum\/wp-json\/wp\/v2\/episodes"}],"about":[{"href":"https:\/\/www.kuechenstud.io\/mein-freund-der-baum\/wp-json\/wp\/v2\/types\/podcast"}],"author":[{"embeddable":true,"href":"https:\/\/www.kuechenstud.io\/mein-freund-der-baum\/wp-json\/wp\/v2\/users\/4"}],"replies":[{"embeddable":true,"href":"https:\/\/www.kuechenstud.io\/mein-freund-der-baum\/wp-json\/wp\/v2\/comments?post=358"}],"version-history":[{"count":4,"href":"https:\/\/www.kuechenstud.io\/mein-freund-der-baum\/wp-json\/wp\/v2\/episodes\/358\/revisions"}],"predecessor-version":[{"id":363,"href":"https:\/\/www.kuechenstud.io\/mein-freund-der-baum\/wp-json\/wp\/v2\/episodes\/358\/revisions\/363"}],"wp:attachment":[{"href":"https:\/\/www.kuechenstud.io\/mein-freund-der-baum\/wp-json\/wp\/v2\/media?parent=358"}],"wp:term":[{"taxonomy":"post_tag","embeddable":true,"href":"https:\/\/www.kuechenstud.io\/mein-freund-der-baum\/wp-json\/wp\/v2\/tags?post=358"}],"curies":[{"name":"wp","href":"https:\/\/api.w.org\/{rel}","templated":true}]}}

<p>In ihren <em>Bodentiefen Fenstern</em> geht Anke Stelling an die Schmerzgrenze: Sie bespricht in allen Details die Verwerfungen in einem Prenzlauer Berger Hausprojekt und malt die Macken der verschiedenen Bewohner quälend genau aus &#8211; weil die Heldin in ihrem Buch ihr sehr ähnlich ist, wird die Autorin, so sagt es der Berliner Literaturgossip, seither in ihrem eigenen, realexistierenden Hausprojekt böse geschnitten. Etwas ähnliches hat Jutta Voigt ihren <em>Stierblutjahren</em> getan, nur dass sie ihre Arbeit als Sachbuch tarnt. Wie also ist das Verhältnis zwischen Wirklichkeit und Ausgedachtem und kann man es überhaupt trennen? Wo verläuft die Grenze zwischen erlebter und erschaffener Wirklichkeit und brauchen wir sie überhaupt? Genau dieselbe Frage müssen wir dem englischen Wissenschaftler, Autor und Keramiker Edmund de Waal stellen, der eine Familiengeschichte zwischen Odessa, Wien und Paris aufgezeichnet hat; im Übrigen behandeln Andrea Frey und Andreas Baum ein viertes Buch. Das war ein großer Spaß! </p>
<p><a href="https://www.amazon.de/gp/product/3548288510/ref=as_li_qf_sp_asin_il_tl?ie=UTF8&amp;camp=1638&amp;creative=6742&amp;creativeASIN=3548288510&amp;linkCode=as2&amp;tag=kuechenradioo-21" target="_blank">1.) Anke Stelling: Bodentiefe Fenster</a><br />
<a href="https://www.amazon.de/gp/product/3351036116/ref=as_li_qf_sp_asin_il_tl?ie=UTF8&amp;camp=1638&amp;creative=6742&amp;creativeASIN=3351036116&amp;linkCode=as2&amp;tag=kuechenradioo-21" target="_blank">2.) Jutta Voigt: Stierblutjahre</a><br />
<a href="https://www.amazon.de/gp/product/342314212X/ref=as_li_qf_sp_asin_il_tl?ie=UTF8&amp;camp=1638&amp;creative=6742&amp;creativeASIN=342314212X&amp;linkCode=as2&amp;tag=kuechenradioo-21" target="_blank">3.) Edmund de Waal: Der Hase mit den Bernsteinaugen</a><br />
<a href="https://www.amazon.de/gp/product/349805810X/ref=as_li_qf_sp_asin_il_tl?ie=UTF8&amp;camp=1638&amp;creative=6742&amp;creativeASIN=349805810X&amp;linkCode=as2&amp;tag=kuechenradioo-21" target="_blank">4.) <a href="https://www.amazon.de/gp/product/3518371002/ref=as_li_qf_sp_asin_il_tl?ie=UTF8&amp;camp=1638&amp;creative=6742&amp;creativeASIN=3518371002&amp;linkCode=as2&amp;tag=kuechenradioo-21" target="_blank">Martin Walser: Ein fliehendes Pferd</a></p>
