{"id":335,"date":"2017-01-07T19:44:28","date_gmt":"2017-01-07T18:44:28","guid":{"rendered":"podlove-2016-11-23t18:01:24+00:00-adca245520137cc"},"modified":"2017-08-18T12:34:34","modified_gmt":"2017-08-18T11:34:34","slug":"mfdb038-die-einladung","status":"publish","type":"podcast","link":"https:\/\/www.kuechenstud.io\/mein-freund-der-baum\/mfdb038-die-einladung\/","title":{"rendered":"MFDB038 Die Einladung"},"content":{"rendered":"<p>Andi Arbeit und Onkel Andi wagen ein Experiment. Heute wird \u00fcber ein Buch gesprochen, dass sie nicht nur gelesen, sondern einer von ihnen selbst geschrieben hat &#8211; ob das \u00fcberhaupt erlaubt ist, ob das Schreiben eines Buches bedeutet, dass man es auch gelesen haben muss, wie viel Kritik ein Autor insbesondere von Freunden aushalten muss und ob das eigene Leben nun wirklich so interessant ist, dass man sich von ihm zum B\u00fccherschreiben verleiten lassen sollte, dar\u00fcber reden die beiden mehr als eine Stunde lang, am Ende sind es doch vier B\u00fccher, drei davon gelesen, eines nicht, \u00fcber die verhandelt wird, und \u00fcber einiges mehr; in allen geht es um das Verh\u00e4ltnis von Biographie und Fiktion und die Erkenntnis, dass die Wirklichkeit gegen die Wahrnehmung keine Chance hat:<\/p>\n<p>1.) <a href=\"https:\/\/www.amazon.de\/gp\/product\/3945400295\/ref=as_li_qf_sp_asin_il_tl?ie=UTF8&amp;camp=1638&amp;creative=6742&amp;creativeASIN=3945400295&amp;linkCode=as2&amp;tag=kuechenradioo-21\" target=\"_blank\">Philipp Mosetter: Die Einladung. Ein Protokoll<\/a><br \/>\n2.) <a href=\"https:\/\/www.amazon.de\/gp\/product\/B01K9AKJK6\/ref=as_li_qf_sp_asin_il_tl?ie=UTF8&amp;camp=1638&amp;creative=6742&amp;creativeASIN=B01K9AKJK6&amp;linkCode=as2&amp;tag=kuechenradioo-21\" target=\"_blank\">Sean Wilsey: Oh The Glory of it All<\/a><br \/>\n3.) <a href=\"https:\/\/www.amazon.de\/gp\/product\/349805810X\/ref=as_li_qf_sp_asin_il_tl?ie=UTF8&amp;camp=1638&amp;creative=6742&amp;creativeASIN=349805810X&amp;linkCode=as2&amp;tag=kuechenradioo-21\" target=\"_blank\">Andreas Baum: Wir waren die neue Zeit<\/a><br \/>\n4.) <a href=\"https:\/\/www.amazon.de\/gp\/product\/3462048856\/ref=as_li_qf_sp_asin_il_tl?ie=UTF8&amp;camp=1638&amp;creative=6742&amp;creativeASIN=3462048856&amp;linkCode=as2&amp;tag=kuechenradioo-21\" target=\"_blank\">Benjamin von Stuckrad-Barre: Panikherz<\/a><\/p>\n<p>Das war ein gro\u00dfer Spa\u00df!<\/p>\n","protected":false},"author":4,"featured_media":0,"comment_status":"open","ping_status":"open","template":"","meta":{"_acf_changed":false,"footnotes":""},"tags":[],"class_list":["post-335","podcast","type-podcast","status-publish","hentry","post"],"acf":[],"_links":{"self":[{"href":"https:\/\/www.kuechenstud.io\/mein-freund-der-baum\/wp-json\/wp\/v2\/episodes\/335","targetHints":{"allow":["GET"]}}],"collection":[{"href":"https:\/\/www.kuechenstud.io\/mein-freund-der-baum\/wp-json\/wp\/v2\/episodes"}],"about":[{"href":"https:\/\/www.kuechenstud.io\/mein-freund-der-baum\/wp-json\/wp\/v2\/types\/podcast"}],"author":[{"embeddable":true,"href":"https:\/\/www.kuechenstud.io\/mein-freund-der-baum\/wp-json\/wp\/v2\/users\/4"}],"replies":[{"embeddable":true,"href":"https:\/\/www.kuechenstud.io\/mein-freund-der-baum\/wp-json\/wp\/v2\/comments?post=335"}],"version-history":[{"count":4,"href":"https:\/\/www.kuechenstud.io\/mein-freund-der-baum\/wp-json\/wp\/v2\/episodes\/335\/revisions"}],"predecessor-version":[{"id":339,"href":"https:\/\/www.kuechenstud.io\/mein-freund-der-baum\/wp-json\/wp\/v2\/episodes\/335\/revisions\/339"}],"wp:attachment":[{"href":"https:\/\/www.kuechenstud.io\/mein-freund-der-baum\/wp-json\/wp\/v2\/media?parent=335"}],"wp:term":[{"taxonomy":"post_tag","embeddable":true,"href":"https:\/\/www.kuechenstud.io\/mein-freund-der-baum\/wp-json\/wp\/v2\/tags?post=335"}],"curies":[{"name":"wp","href":"https:\/\/api.w.org\/{rel}","templated":true}]}}

<p>Andi Arbeit und Onkel Andi wagen ein Experiment. Heute wird über ein Buch gesprochen, dass sie nicht nur gelesen, sondern einer von ihnen selbst geschrieben hat &#8211; ob das überhaupt erlaubt ist, ob das Schreiben eines Buches bedeutet, dass man es auch gelesen haben muss, wie viel Kritik ein Autor insbesondere von Freunden aushalten muss und ob das eigene Leben nun wirklich so interessant ist, dass man sich von ihm zum Bücherschreiben verleiten lassen sollte, darüber reden die beiden mehr als eine Stunde lang, am Ende sind es doch vier Bücher, drei davon gelesen, eines nicht, über die verhandelt wird, und über einiges mehr; in allen geht es um das Verhältnis von Biographie und Fiktion und die Erkenntnis, dass die Wirklichkeit gegen die Wahrnehmung keine Chance hat:</p>
<p>1.) <a href="https://www.amazon.de/gp/product/3945400295/ref=as_li_qf_sp_asin_il_tl?ie=UTF8&amp;camp=1638&amp;creative=6742&amp;creativeASIN=3945400295&amp;linkCode=as2&amp;tag=kuechenradioo-21" target="_blank">Philipp Mosetter: Die Einladung. Ein Protokoll</a><br />
2.) <a href="https://www.amazon.de/gp/product/B01K9AKJK6/ref=as_li_qf_sp_asin_il_tl?ie=UTF8&amp;camp=1638&amp;creative=6742&amp;creativeASIN=B01K9AKJK6&amp;linkCode=as2&amp;tag=kuechenradioo-21" target="_blank">Sean Wilsey: Oh The Glory of it All</a><br />
3.) <a href="https://www.amazon.de/gp/product/349805810X/ref=as_li_qf_sp_asin_il_tl?ie=UTF8&amp;camp=1638&amp;creative=6742&amp;creativeASIN=349805810X&amp;linkCode=as2&amp;tag=kuechenradioo-21" target="_blank">Andreas Baum: Wir waren die neue Zeit</a><br />
4.) <a href="https://www.amazon.de/gp/product/3462048856/ref=as_li_qf_sp_asin_il_tl?ie=UTF8&amp;camp=1638&amp;creative=6742&amp;creativeASIN=3462048856&amp;linkCode=as2&amp;tag=kuechenradioo-21" target="_blank">Benjamin von Stuckrad-Barre: Panikherz</a></p>
<p>Das war ein großer Spaß!</p>
