{"id":745,"date":"2019-12-30T16:28:38","date_gmt":"2019-12-30T14:28:38","guid":{"rendered":"podlove-2019-12-23t14:05:28+00:00-a71b529e27b8354"},"modified":"2019-12-30T16:28:39","modified_gmt":"2019-12-30T14:28:39","slug":"mr080-wenn-maschinen-entscheiden-mit-sandra-wachter-ki-forscherin","status":"publish","type":"podcast","link":"https:\/\/www.kuechenstud.io\/medienradio\/podcast\/mr080-wenn-maschinen-entscheiden-mit-sandra-wachter-ki-forscherin\/","title":{"rendered":"DI080 Wenn Maschinen entscheiden (mit Sandra Wachter, KI-Forscherin)"},"content":{"rendered":"\n<p><a href=\"https:\/\/www.oii.ox.ac.uk\/people\/sandra-wachter\/\">Sandra Wachter<\/a> ist Professorin in Oxford und besch\u00e4ftigt mit maschinengest\u00fctzen Entscheidungen und ethischen Fragen der &#8220;k\u00fcnstlichen Intelligenz&#8221;.<br><br>Philip Banse spricht mit ihr \u00fcber Kontrolle maschinengest\u00fctzter Entscheidungen (wer ist verantwortlich, wenn etwas schief geht?) und das Konzept der &#8220;<a href=\"https:\/\/arxiv.org\/pdf\/1711.00399.pdf\">Counterfactual Explanations<\/a>&#8221; (pdf), mit dem maschinelle Entscheidungen nachvollziehbarer werden sollen.<br>Es kommen auch einige Eurer Fragen zur Sprache, etwa nach Technik-Forschung, die von gro\u00dfen Technik-Firmen mitfinanziert wird. <\/p>\n","protected":false},"author":1,"featured_media":0,"comment_status":"open","ping_status":"open","template":"","meta":{"_acf_changed":false,"footnotes":""},"tags":[],"class_list":["post-745","podcast","type-podcast","status-publish","hentry","post"],"acf":[],"jetpack_sharing_enabled":true,"_links":{"self":[{"href":"https:\/\/www.kuechenstud.io\/medienradio\/wp-json\/wp\/v2\/episodes\/745","targetHints":{"allow":["GET"]}}],"collection":[{"href":"https:\/\/www.kuechenstud.io\/medienradio\/wp-json\/wp\/v2\/episodes"}],"about":[{"href":"https:\/\/www.kuechenstud.io\/medienradio\/wp-json\/wp\/v2\/types\/podcast"}],"author":[{"embeddable":true,"href":"https:\/\/www.kuechenstud.io\/medienradio\/wp-json\/wp\/v2\/users\/1"}],"replies":[{"embeddable":true,"href":"https:\/\/www.kuechenstud.io\/medienradio\/wp-json\/wp\/v2\/comments?post=745"}],"version-history":[{"count":1,"href":"https:\/\/www.kuechenstud.io\/medienradio\/wp-json\/wp\/v2\/episodes\/745\/revisions"}],"predecessor-version":[{"id":746,"href":"https:\/\/www.kuechenstud.io\/medienradio\/wp-json\/wp\/v2\/episodes\/745\/revisions\/746"}],"wp:attachment":[{"href":"https:\/\/www.kuechenstud.io\/medienradio\/wp-json\/wp\/v2\/media?parent=745"}],"wp:term":[{"taxonomy":"post_tag","embeddable":true,"href":"https:\/\/www.kuechenstud.io\/medienradio\/wp-json\/wp\/v2\/tags?post=745"}],"curies":[{"name":"wp","href":"https:\/\/api.w.org\/{rel}","templated":true}]}}

<p><a href="https://www.oii.ox.ac.uk/people/sandra-wachter/">Sandra Wachter</a> ist Professorin in Oxford und beschäftigt mit maschinengestützen Entscheidungen und ethischen Fragen der &#8220;künstlichen Intelligenz&#8221;.<br><br>Philip Banse spricht mit ihr über Kontrolle maschinengestützter Entscheidungen (wer ist verantwortlich, wenn etwas schief geht?) und das Konzept der &#8220;<a href="https://arxiv.org/pdf/1711.00399.pdf">Counterfactual Explanations</a>&#8221; (pdf), mit dem maschinelle Entscheidungen nachvollziehbarer werden sollen.<br>Es kommen auch einige Eurer Fragen zur Sprache, etwa nach Technik-Forschung, die von großen Technik-Firmen mitfinanziert wird. </p>
