{"id":639,"date":"2014-06-29T13:55:21","date_gmt":"2014-06-29T11:55:21","guid":{"rendered":"podlove-2014-06-29t11:05:51+00:00-7dc7c0ce41fb107"},"modified":"2014-06-29T13:55:21","modified_gmt":"2014-06-29T11:55:21","slug":"mr070-krautreporter","status":"publish","type":"podcast","link":"https:\/\/www.kuechenstud.io\/medienradio\/podcast\/mr070-krautreporter\/","title":{"rendered":"DI070 Krautreporter"},"content":{"rendered":"<p><a href=\"http:\/\/sebastian-esser.de\/\">Sebastian Esser<\/a>, Journalist, Unternehmer und Gesch\u00e4ftsf\u00fchrer der <a href=\"https:\/\/krautreporter.de\/das-magazin\">Krautreporter<\/a> GmbH, spricht mit Philip Banse \u00fcber die <a href=\"https:\/\/krautreporter.de\/das-magazin\">Krautreporter<\/a>, ein viel beachtetes Journalismus-Projekt, das knapp 1 Million Euro von \u00fcber 15.000 Unterst\u00fctzern eingesammelt hat f\u00fcr ein Online-Magazin, das Ende September erstmals erscheinen soll. <\/p>\n<p>Sebastian l\u00e4sst die steinige, aber erfolgreiche Funding-Phase Revue passieren, nimmt Stellung zu zahlreichen Kritikpunkten und erl\u00e4utert, wie es jetzt weiter gehen soll. Er \u00e4u\u00dfert sich zu Pl\u00e4nen, die Software f\u00fcr das Krautreporter-Magazin selbst zu programmieren, skizziert den Journalismus, den die Krautreporter bieten wollen, und spricht \u00fcber Lehren, die er aus dem Krautreporter-Projekt bisher gezogen hat. <\/p>\n<li><a href=\"http:\/\/qz.com\/\">Quartz<\/a><\/li>\n<li><a href=\"https:\/\/decorrespondent.nl\">De Correspondent<\/a><\/li>\n<li><a href=\"https:\/\/www.kuechenstud.io\/medienradio\/podcast\/mr052-prenzlauer-berg-nachrichten\/\">Medienradio mit Philipp Schw\u00f6rbel, Prenzlauerberg Nachrichten<\/a><\/li>\n<li><a href=\"https:\/\/www.kuechenstud.io\/medienradio\/podcast\/mr060-sportjournalismus-01\/\">Medienradio mit Jens Weinreich #1<\/a><\/li>\n<li><a href=\"https:\/\/www.kuechenstud.io\/medienradio\/podcast\/mr061-sportjournalismus-2\/\">Medienradio mit Jens Weinreich #2<\/a><\/li>\n<li><a href=\"http:\/\/www.indiskretionehrensache.de\/2014\/05\/krautreporter\/comment-page-1\/\">Thomas Kn\u00fcwer: &#8220;Krautreporter! Verdammte Hacke, begeistert Euch!&#8221;<\/a>\n<\/li>\n<li><a href=\"http:\/\/datenjournalist.de\/fuenf-gruende-warum-ich-von-dem-krautreporter-konzept-enttaeuscht-bin\/\">Lorenz Matzat: F\u00fcnf Gr\u00fcnde, warum ich von dem Krautreporter-Konzept entt\u00e4uscht bin<\/a><\/li>\n<li><a href=\"http:\/\/www.dirkvongehlen.de\/index.php\/allgemein\/mein-geld-meine-hoffnung-fuer-krautreporter\/\">Dirk von Gehlen: Mein Geld, meine Hoffnung f\u00fcr Krautreporter<\/a><\/li>\n<li><a href=\"http:\/\/www.dirkvongehlen.de\/index.php\/netz\/krautreporter-und-der-almost-famous-moment\/\">Dirk von Gehlen: Krautreporter und der \u201cAlmost Famous\u201d-Moment<\/a><\/li>\n<li><a href=\"http:\/\/www.sparker.de\/\">Sparker<\/a><\/li>\n<li><a href=\"http:\/\/rebellmarkt.blogger.de\/stories\/2411979\/\">Don Alphonso: Kickback f\u00fcr besseren Journalismus<\/a><\/li>\n<li><a href=\"http:\/\/crowdspondent.de\/\">Crowdspondent<\/a><\/li>\n<li><a href=\"http:\/\/future.arte.tv\/de\/thema\/silicon-valley\">arte: Inside Silicon Valley<\/a><\/li>\n<li><a href=\"http:\/\/www.ted.com\/talks\/amanda_palmer_the_art_of_asking?language=de\">TED-Talk &#8211; Amanda Palmer: Die Kunst des Bittens<\/a><\/li>\n<li><a href=\"http:\/\/towcenter.org\/research\/post-industrial-journalism\/\">Anderson, Bell, Shirky: Post Industrial Journalism &#8211; Adapting to the Present<\/a><\/li>\n<li><a href=\"http:\/\/www.vox.com\/\">Vox<\/a><\/li>\n","protected":false},"author":1,"featured_media":0,"comment_status":"open","ping_status":"open","template":"","meta":{"_acf_changed":false,"footnotes":""},"tags":[],"class_list":["post-639","podcast","type-podcast","status-publish","hentry","post"],"acf":[],"jetpack_sharing_enabled":true,"_links":{"self":[{"href":"https:\/\/www.kuechenstud.io\/medienradio\/wp-json\/wp\/v2\/episodes\/639","targetHints":{"allow":["GET"]}}],"collection":[{"href":"https:\/\/www.kuechenstud.io\/medienradio\/wp-json\/wp\/v2\/episodes"}],"about":[{"href":"https:\/\/www.kuechenstud.io\/medienradio\/wp-json\/wp\/v2\/types\/podcast"}],"author":[{"embeddable":true,"href":"https:\/\/www.kuechenstud.io\/medienradio\/wp-json\/wp\/v2\/users\/1"}],"replies":[{"embeddable":true,"href":"https:\/\/www.kuechenstud.io\/medienradio\/wp-json\/wp\/v2\/comments?post=639"}],"version-history":[{"count":3,"href":"https:\/\/www.kuechenstud.io\/medienradio\/wp-json\/wp\/v2\/episodes\/639\/revisions"}],"predecessor-version":[{"id":642,"href":"https:\/\/www.kuechenstud.io\/medienradio\/wp-json\/wp\/v2\/episodes\/639\/revisions\/642"}],"wp:attachment":[{"href":"https:\/\/www.kuechenstud.io\/medienradio\/wp-json\/wp\/v2\/media?parent=639"}],"wp:term":[{"taxonomy":"post_tag","embeddable":true,"href":"https:\/\/www.kuechenstud.io\/medienradio\/wp-json\/wp\/v2\/tags?post=639"}],"curies":[{"name":"wp","href":"https:\/\/api.w.org\/{rel}","templated":true}]}}

<p><a href="http://sebastian-esser.de/">Sebastian Esser</a>, Journalist, Unternehmer und Geschäftsführer der <a href="https://krautreporter.de/das-magazin">Krautreporter</a> GmbH, spricht mit Philip Banse über die <a href="https://krautreporter.de/das-magazin">Krautreporter</a>, ein viel beachtetes Journalismus-Projekt, das knapp 1 Million Euro von über 15.000 Unterstützern eingesammelt hat für ein Online-Magazin, das Ende September erstmals erscheinen soll. </p>
<p>Sebastian lässt die steinige, aber erfolgreiche Funding-Phase Revue passieren, nimmt Stellung zu zahlreichen Kritikpunkten und erläutert, wie es jetzt weiter gehen soll. Er äußert sich zu Plänen, die Software für das Krautreporter-Magazin selbst zu programmieren, skizziert den Journalismus, den die Krautreporter bieten wollen, und spricht über Lehren, die er aus dem Krautreporter-Projekt bisher gezogen hat. </p>
<li><a href="http://qz.com/">Quartz</a></li>
<li><a href="https://decorrespondent.nl">De Correspondent</a></li>
<li><a href="https://www.kuechenstud.io/medienradio/podcast/mr052-prenzlauer-berg-nachrichten/">Medienradio mit Philipp Schwörbel, Prenzlauerberg Nachrichten</a></li>
<li><a href="https://www.kuechenstud.io/medienradio/podcast/mr060-sportjournalismus-01/">Medienradio mit Jens Weinreich #1</a></li>
<li><a href="https://www.kuechenstud.io/medienradio/podcast/mr061-sportjournalismus-2/">Medienradio mit Jens Weinreich #2</a></li>
<li><a href="http://www.indiskretionehrensache.de/2014/05/krautreporter/comment-page-1/">Thomas Knüwer: &#8220;Krautreporter! Verdammte Hacke, begeistert Euch!&#8221;</a>
</li>
<li><a href="http://datenjournalist.de/fuenf-gruende-warum-ich-von-dem-krautreporter-konzept-enttaeuscht-bin/">Lorenz Matzat: Fünf Gründe, warum ich von dem Krautreporter-Konzept enttäuscht bin</a></li>
<li><a href="http://www.dirkvongehlen.de/index.php/allgemein/mein-geld-meine-hoffnung-fuer-krautreporter/">Dirk von Gehlen: Mein Geld, meine Hoffnung für Krautreporter</a></li>
<li><a href="http://www.dirkvongehlen.de/index.php/netz/krautreporter-und-der-almost-famous-moment/">Dirk von Gehlen: Krautreporter und der “Almost Famous”-Moment</a></li>
<li><a href="http://www.sparker.de/">Sparker</a></li>
<li><a href="http://rebellmarkt.blogger.de/stories/2411979/">Don Alphonso: Kickback für besseren Journalismus</a></li>
<li><a href="http://crowdspondent.de/">Crowdspondent</a></li>
<li><a href="http://future.arte.tv/de/thema/silicon-valley">arte: Inside Silicon Valley</a></li>
<li><a href="http://www.ted.com/talks/amanda_palmer_the_art_of_asking?language=de">TED-Talk &#8211; Amanda Palmer: Die Kunst des Bittens</a></li>
<li><a href="http://towcenter.org/research/post-industrial-journalism/">Anderson, Bell, Shirky: Post Industrial Journalism &#8211; Adapting to the Present</a></li>
<li><a href="http://www.vox.com/">Vox</a></li>
