{"id":546,"date":"2012-08-12T21:58:29","date_gmt":"2012-08-12T19:58:29","guid":{"rendered":"http:\/\/medienradio.org\/mr\/?p=546"},"modified":"2014-10-26T01:12:33","modified_gmt":"2014-10-25T23:12:33","slug":"mr059-netzpolitische-usa-reise","status":"publish","type":"podcast","link":"https:\/\/www.kuechenstud.io\/medienradio\/podcast\/mr059-netzpolitische-usa-reise\/","title":{"rendered":"DI059 Netzpolitische USA-Reise"},"content":{"rendered":"<p><a href=\"http:\/\/ijure.org\">Ulf Buermeyer<\/a> und <a href=\"http:\/\/annalist.noblogs.org\">Anne Roth<\/a> sind mit einigen anderen Internet-Experten auf Einladung der Heinrich-B\u00f6ll-Stiftung eine Woche durch die USA gereist, um den netzpolitischen Austausch voran zu bringen. In Boston, Washington und San Francisco haben sich sie sich mit vielen interessanten Leuten getroffen und \u00fcber Datenschutz, Urheberrecht und Bradley Manning unterhalten. Im Medienradio berichten Anne und Ulf \u00fcber ihre Erkenntnisse und atmosph\u00e4rischen Eindr\u00fccke: Wie EU-Recht den US-Datenschutz beeinflusst; warum die Amis uns f\u00fcr das ACTA-Aus bewundern; warum wirkt Google aus der N\u00e4he wie eine Sekte?<\/p>\n<ul>\n<li><a href=\"http:\/\/tacticaltech.org\/\">Tactical Tech<\/a><\/li>\n<li><a href=\"http:\/\/www.malte-spitz.de\/\">Malte Spitz<\/a><\/li>\n<li><a href=\"http:\/\/www.boell.org\/calendar\/VA-viewevt-en.aspx?evtid=11577\">Reise-Meldung der B\u00f6ll-Stiftung<\/a><\/li>\n<li><a href=\"http:\/\/www.media.mit.edu\/\">MIT Media Lab<\/a><\/li>\n<li><a href=\"http:\/\/www.flickr.com\/photos\/anne_roth\">Flickr-Stream von Anne Roth<\/a><\/li>\n<li><a href=\"http:\/\/netzpolitik.tumblr.com\/\">Tumblr von Markus Beckedahl<\/a><\/li>\n<li><a href=\"http:\/\/cyber.law.harvard.edu\/\">Berkman Center<\/a><\/li>\n<li><a href=\"http:\/\/www.spiegel.de\/politik\/ausland\/aufregung-in-tuerkei-um-obama-foto-mit-baseball-schlaeger-in-der-hand-a-848659.html\">Obama mit Baseballschl\u00e4ger<\/a><\/li>\n<li><a href=\"http:\/\/www.w3.org\/People\/Weitzner.html\">Dan Weitzner<\/a><\/li>\n<li><a href=\"http:\/\/de.wikipedia.org\/wiki\/SOPA\">SOPA (WP)<\/a><\/li>\n<li><a href=\"http:\/\/de.wikipedia.org\/wiki\/Pipa\">PIPA (WP)<\/a><\/li>\n<li><a href=\"http:\/\/en.wikipedia.org\/wiki\/Wikipedia:SOPA_initiative\">SOPA-Initiative der Wikipedia<\/a><\/li>\n<li><a href=\"https:\/\/www.eff.org\/\">Electronic Frontier Foundation (EFF)<\/a><\/li>\n<li><a href=\"http:\/\/netzpolitik.org\/\">Netzpolitik.org<\/a><\/li>\n<li><a href=\"http:\/\/www.edri.org\/\">EDRI<\/a><\/li>\n<li><a href=\"http:\/\/wikimediafoundation.org\/wiki\/Home\">Wikimedia Foundation<\/a><\/li>\n<li><a href=\"http:\/\/en.wikipedia.org\/wiki\/Trans-Pacific_Strategic_Economic_Partnership\">Trans-Pacific Partnership Agreement, TPP (WP)<\/a><\/li>\n<li><a href=\"https:\/\/www.eff.org\/issues\/tpp\">EFF zum Trans-Pacific Partnership Agreement, TPP<\/a><\/li>\n<li><a href=\"http:\/\/www.mozilla.org\/en-US\/persona\/\">Mozilla Persona<\/a><\/li>\n<li><a href=\"http:\/\/www.spiegel.de\/netzwelt\/netzpolitik\/mozilla-plant-persona-als-alternative-zu-google-und-facebook-a-847251.html\">Christian St\u00f6cker auf Spiegel Online zu Mozilla-Besuch<\/a><\/li>\n<li><a href=\"http:\/\/www.sueddeutsche.de\/digital\/datenschutz-und-selbstbestimmung-im-internet-wer-visionen-hat-sollte-zu-mozilla-gehen-1.1433264\">Matthias Kolb auf sueddeutsche.de zu Mozilla<\/a><\/li>\n<li><a href=\"http:\/\/www.law.stanford.edu\/node\/166405\">Barbara van Schewick<\/a><\/li>\n<li><a href=\"https:\/\/twitter.com\/annalist\/status\/228929794182639617\">Annes Tweet mit David Drummond-Zitat zu Leistungsschutzrecht<\/a><\/li>\n<li><a href=\"http:\/\/www.google.com\/transparencyreport\/userdatarequests\/\">Google Transparency Report<\/a><\/li>\n<li><a href=\"http:\/\/creativecommons.org\/tag\/open-textbooks\/\">Creative Commons: &#8220;Open Text Books&#8221;<\/a><\/li>\n<li><a href=\"http:\/\/www.ted.com\/talks\/lang\/de\/malte_spitz_your_phone_company_is_watching.html\">TED-Talk: Malte Spitz: Ihre Telefongesellschaft beobachtet Sie<\/a><\/li>\n<\/ul>\n","protected":false},"author":1,"featured_media":0,"comment_status":"open","ping_status":"open","template":"","meta":{"_acf_changed":false,"footnotes":""},"tags":[],"class_list":["post-546","podcast","type-podcast","status-publish","hentry","post"],"acf":[],"jetpack_sharing_enabled":true,"_links":{"self":[{"href":"https:\/\/www.kuechenstud.io\/medienradio\/wp-json\/wp\/v2\/episodes\/546","targetHints":{"allow":["GET"]}}],"collection":[{"href":"https:\/\/www.kuechenstud.io\/medienradio\/wp-json\/wp\/v2\/episodes"}],"about":[{"href":"https:\/\/www.kuechenstud.io\/medienradio\/wp-json\/wp\/v2\/types\/podcast"}],"author":[{"embeddable":true,"href":"https:\/\/www.kuechenstud.io\/medienradio\/wp-json\/wp\/v2\/users\/1"}],"replies":[{"embeddable":true,"href":"https:\/\/www.kuechenstud.io\/medienradio\/wp-json\/wp\/v2\/comments?post=546"}],"version-history":[{"count":5,"href":"https:\/\/www.kuechenstud.io\/medienradio\/wp-json\/wp\/v2\/episodes\/546\/revisions"}],"predecessor-version":[{"id":655,"href":"https:\/\/www.kuechenstud.io\/medienradio\/wp-json\/wp\/v2\/episodes\/546\/revisions\/655"}],"wp:attachment":[{"href":"https:\/\/www.kuechenstud.io\/medienradio\/wp-json\/wp\/v2\/media?parent=546"}],"wp:term":[{"taxonomy":"post_tag","embeddable":true,"href":"https:\/\/www.kuechenstud.io\/medienradio\/wp-json\/wp\/v2\/tags?post=546"}],"curies":[{"name":"wp","href":"https:\/\/api.w.org\/{rel}","templated":true}]}}

<p><a href="http://ijure.org">Ulf Buermeyer</a> und <a href="http://annalist.noblogs.org">Anne Roth</a> sind mit einigen anderen Internet-Experten auf Einladung der Heinrich-Böll-Stiftung eine Woche durch die USA gereist, um den netzpolitischen Austausch voran zu bringen. In Boston, Washington und San Francisco haben sich sie sich mit vielen interessanten Leuten getroffen und über Datenschutz, Urheberrecht und Bradley Manning unterhalten. Im Medienradio berichten Anne und Ulf über ihre Erkenntnisse und atmosphärischen Eindrücke: Wie EU-Recht den US-Datenschutz beeinflusst; warum die Amis uns für das ACTA-Aus bewundern; warum wirkt Google aus der Nähe wie eine Sekte?</p>
<ul>
<li><a href="http://tacticaltech.org/">Tactical Tech</a></li>
<li><a href="http://www.malte-spitz.de/">Malte Spitz</a></li>
<li><a href="http://www.boell.org/calendar/VA-viewevt-en.aspx?evtid=11577">Reise-Meldung der Böll-Stiftung</a></li>
<li><a href="http://www.media.mit.edu/">MIT Media Lab</a></li>
<li><a href="http://www.flickr.com/photos/anne_roth">Flickr-Stream von Anne Roth</a></li>
<li><a href="http://netzpolitik.tumblr.com/">Tumblr von Markus Beckedahl</a></li>
<li><a href="http://cyber.law.harvard.edu/">Berkman Center</a></li>
<li><a href="http://www.spiegel.de/politik/ausland/aufregung-in-tuerkei-um-obama-foto-mit-baseball-schlaeger-in-der-hand-a-848659.html">Obama mit Baseballschläger</a></li>
<li><a href="http://www.w3.org/People/Weitzner.html">Dan Weitzner</a></li>
<li><a href="http://de.wikipedia.org/wiki/SOPA">SOPA (WP)</a></li>
<li><a href="http://de.wikipedia.org/wiki/Pipa">PIPA (WP)</a></li>
<li><a href="http://en.wikipedia.org/wiki/Wikipedia:SOPA_initiative">SOPA-Initiative der Wikipedia</a></li>
<li><a href="https://www.eff.org/">Electronic Frontier Foundation (EFF)</a></li>
<li><a href="http://netzpolitik.org/">Netzpolitik.org</a></li>
<li><a href="http://www.edri.org/">EDRI</a></li>
<li><a href="http://wikimediafoundation.org/wiki/Home">Wikimedia Foundation</a></li>
<li><a href="http://en.wikipedia.org/wiki/Trans-Pacific_Strategic_Economic_Partnership">Trans-Pacific Partnership Agreement, TPP (WP)</a></li>
<li><a href="https://www.eff.org/issues/tpp">EFF zum Trans-Pacific Partnership Agreement, TPP</a></li>
<li><a href="http://www.mozilla.org/en-US/persona/">Mozilla Persona</a></li>
<li><a href="http://www.spiegel.de/netzwelt/netzpolitik/mozilla-plant-persona-als-alternative-zu-google-und-facebook-a-847251.html">Christian Stöcker auf Spiegel Online zu Mozilla-Besuch</a></li>
<li><a href="http://www.sueddeutsche.de/digital/datenschutz-und-selbstbestimmung-im-internet-wer-visionen-hat-sollte-zu-mozilla-gehen-1.1433264">Matthias Kolb auf sueddeutsche.de zu Mozilla</a></li>
<li><a href="http://www.law.stanford.edu/node/166405">Barbara van Schewick</a></li>
<li><a href="https://twitter.com/annalist/status/228929794182639617">Annes Tweet mit David Drummond-Zitat zu Leistungsschutzrecht</a></li>
<li><a href="http://www.google.com/transparencyreport/userdatarequests/">Google Transparency Report</a></li>
<li><a href="http://creativecommons.org/tag/open-textbooks/">Creative Commons: &#8220;Open Text Books&#8221;</a></li>
<li><a href="http://www.ted.com/talks/lang/de/malte_spitz_your_phone_company_is_watching.html">TED-Talk: Malte Spitz: Ihre Telefongesellschaft beobachtet Sie</a></li>
</ul>
