{"id":457,"date":"2011-11-16T00:40:31","date_gmt":"2011-11-15T22:40:31","guid":{"rendered":"http:\/\/medienradio.org\/mr\/?p=457"},"modified":"2012-02-22T19:40:19","modified_gmt":"2012-02-22T17:40:19","slug":"mr051-peter-altmaier","status":"publish","type":"podcast","link":"https:\/\/www.kuechenstud.io\/medienradio\/podcast\/mr051-peter-altmaier\/","title":{"rendered":"DI051 Peter Altmaier"},"content":{"rendered":"<p>Direkt vom CDU-Parteitag in Leipzig kam der parlamentarische Gesch\u00e4ftsf\u00fchrer der Unionsfraktion, <a href=\"http:\/\/www.peteraltmaier.de\/\">Peter Altmaier<\/a>, in mein noch etwas improvisiertes Studio gefahren. <a href=\"http:\/\/twitter.com\/onkelandi\">Andreas Baum<\/a>, a.k.a Onkel Andi aus dem <a href=\"http:\/\/Kuechenradio.org\">K\u00fcchenradio<\/a>, war auch mit dabei. Video gabs keins, weil die Bandbreite (noch) nicht reicht. Internet als Universaldienst war denn also ein Thema. Peter Altmaier <a href=\"http:\/\/twitter.com\/peteraltmaier\">twittert<\/a> seit einigen Wochen und hat mit einem <a href=\"http:\/\/www.faz.net\/aktuell\/feuilleton\/debatten\/digitales-denken\/politik-und-internet-mein-neues-leben-unter-piraten-11493287.html\">Artikel in der FAZ<\/a> zu den Piraten und dem Internet allgemein f\u00fcr viel Aufsehen gesorgt. Wir sprechen \u00fcber Altmaiers Erkenntnisse \u00fcbers Twittern, wie Twitter die Politik ver\u00e4ndert, wie sich die Parteien \u00fcber diese kommunikative Selbstverst\u00e4ndlichkeit hinaus ver\u00e4ndern m\u00fcssen und warum das noch so wenig passiert. Mein Eindruck ist, dass Peter Altmaier die Funktion und Qualit\u00e4t der Netz-Kommunikation versteht und erlernen will. Auch die Reichweite der digitalen Revolution erahnt er (Internetzugang so wichtige wie Wasseranschluss). Aber die konkreten netzpolitischen Folgen aus dieser Revolution (Universaldienst, Netzneutralit\u00e4t, Urheberrecht) hat er noch nicht wirklich durchdacht. Mit den Details des Streits um ein Leistungsschutzrecht f\u00fcr Presseverlage kenne er sich nicht aus, gesteht er &#8211; und hat damit auch seinen Piraten-Moment \ud83d\ude09<\/p>\n<ul>\n<li><a href=\"http:\/\/www.faz.net\/aktuell\/feuilleton\/debatten\/digitales-denken\/politik-und-internet-mein-neues-leben-unter-piraten-11493287.html\">&#8220;Mein neues Leben unter Piraten&#8221;, Peter Altmaier in der FAZ<\/a><\/li>\n<li><a href=\"https:\/\/lqfb.piratenpartei.de\/\">LiquidFeedback der Piratenpartei Deutschland<\/a><\/li>\n<li><a href=\"http:\/\/www.mitglied.cdu.de\/\">&#8220;Verpassen Sie der CDU Ihre Handschrift!&#8221;-Kampagne<\/a><\/li>\n<li><a href=\"http:\/\/www.netzpolitik.cdu.de\/home.html\">Arbeitskreis Netzpolitik der CDU<\/a><\/li>\n<li><a href=\"http:\/\/www.bundestag.de\/internetenquete\/\">Enquete-Kommission Internet und digitale Gesellschaft<\/a><\/li>\n<li><a href=\"http:\/\/www.gesetze-im-internet.de\/tkg_2004\/__78.html\">Universaldienste im Telekommunikationsgesetz<\/a><\/li>\n<li><a href=\"http:\/\/www.zeit.de\/2011\/45\/Altmaier\">ZEIT Online \u00fcber Peter Altmaier<\/a><\/li>\n<li><a href=\"http:\/\/www.cdu.de\/doc\/pdfc\/091026-koalitionsvertrag-cducsu-fdp.pdf\">Leistungsschutzrecht f\u00fcr Presseverlage im Koalitionsvertrag (pdf)<\/a><\/li>\n<\/ul>\n","protected":false},"author":1,"featured_media":0,"comment_status":"open","ping_status":"open","template":"","meta":{"_acf_changed":false,"footnotes":""},"tags":[],"class_list":["post-457","podcast","type-podcast","status-publish","hentry","post"],"acf":[],"jetpack_sharing_enabled":true,"_links":{"self":[{"href":"https:\/\/www.kuechenstud.io\/medienradio\/wp-json\/wp\/v2\/episodes\/457","targetHints":{"allow":["GET"]}}],"collection":[{"href":"https:\/\/www.kuechenstud.io\/medienradio\/wp-json\/wp\/v2\/episodes"}],"about":[{"href":"https:\/\/www.kuechenstud.io\/medienradio\/wp-json\/wp\/v2\/types\/podcast"}],"author":[{"embeddable":true,"href":"https:\/\/www.kuechenstud.io\/medienradio\/wp-json\/wp\/v2\/users\/1"}],"replies":[{"embeddable":true,"href":"https:\/\/www.kuechenstud.io\/medienradio\/wp-json\/wp\/v2\/comments?post=457"}],"version-history":[{"count":8,"href":"https:\/\/www.kuechenstud.io\/medienradio\/wp-json\/wp\/v2\/episodes\/457\/revisions"}],"predecessor-version":[{"id":527,"href":"https:\/\/www.kuechenstud.io\/medienradio\/wp-json\/wp\/v2\/episodes\/457\/revisions\/527"}],"wp:attachment":[{"href":"https:\/\/www.kuechenstud.io\/medienradio\/wp-json\/wp\/v2\/media?parent=457"}],"wp:term":[{"taxonomy":"post_tag","embeddable":true,"href":"https:\/\/www.kuechenstud.io\/medienradio\/wp-json\/wp\/v2\/tags?post=457"}],"curies":[{"name":"wp","href":"https:\/\/api.w.org\/{rel}","templated":true}]}}

<p>Direkt vom CDU-Parteitag in Leipzig kam der parlamentarische Geschäftsführer der Unionsfraktion, <a href="http://www.peteraltmaier.de/">Peter Altmaier</a>, in mein noch etwas improvisiertes Studio gefahren. <a href="http://twitter.com/onkelandi">Andreas Baum</a>, a.k.a Onkel Andi aus dem <a href="http://Kuechenradio.org">Küchenradio</a>, war auch mit dabei. Video gabs keins, weil die Bandbreite (noch) nicht reicht. Internet als Universaldienst war denn also ein Thema. Peter Altmaier <a href="http://twitter.com/peteraltmaier">twittert</a> seit einigen Wochen und hat mit einem <a href="http://www.faz.net/aktuell/feuilleton/debatten/digitales-denken/politik-und-internet-mein-neues-leben-unter-piraten-11493287.html">Artikel in der FAZ</a> zu den Piraten und dem Internet allgemein für viel Aufsehen gesorgt. Wir sprechen über Altmaiers Erkenntnisse übers Twittern, wie Twitter die Politik verändert, wie sich die Parteien über diese kommunikative Selbstverständlichkeit hinaus verändern müssen und warum das noch so wenig passiert. Mein Eindruck ist, dass Peter Altmaier die Funktion und Qualität der Netz-Kommunikation versteht und erlernen will. Auch die Reichweite der digitalen Revolution erahnt er (Internetzugang so wichtige wie Wasseranschluss). Aber die konkreten netzpolitischen Folgen aus dieser Revolution (Universaldienst, Netzneutralität, Urheberrecht) hat er noch nicht wirklich durchdacht. Mit den Details des Streits um ein Leistungsschutzrecht für Presseverlage kenne er sich nicht aus, gesteht er &#8211; und hat damit auch seinen Piraten-Moment 😉</p>
<ul>
<li><a href="http://www.faz.net/aktuell/feuilleton/debatten/digitales-denken/politik-und-internet-mein-neues-leben-unter-piraten-11493287.html">&#8220;Mein neues Leben unter Piraten&#8221;, Peter Altmaier in der FAZ</a></li>
<li><a href="https://lqfb.piratenpartei.de/">LiquidFeedback der Piratenpartei Deutschland</a></li>
<li><a href="http://www.mitglied.cdu.de/">&#8220;Verpassen Sie der CDU Ihre Handschrift!&#8221;-Kampagne</a></li>
<li><a href="http://www.netzpolitik.cdu.de/home.html">Arbeitskreis Netzpolitik der CDU</a></li>
<li><a href="http://www.bundestag.de/internetenquete/">Enquete-Kommission Internet und digitale Gesellschaft</a></li>
<li><a href="http://www.gesetze-im-internet.de/tkg_2004/__78.html">Universaldienste im Telekommunikationsgesetz</a></li>
<li><a href="http://www.zeit.de/2011/45/Altmaier">ZEIT Online über Peter Altmaier</a></li>
<li><a href="http://www.cdu.de/doc/pdfc/091026-koalitionsvertrag-cducsu-fdp.pdf">Leistungsschutzrecht für Presseverlage im Koalitionsvertrag (pdf)</a></li>
</ul>
