{"id":174,"date":"2010-06-18T10:28:34","date_gmt":"2010-06-18T08:28:34","guid":{"rendered":"http:\/\/medienradio.org\/mr\/mr025-perlentaucher\/"},"modified":"2010-06-18T10:30:58","modified_gmt":"2010-06-18T08:30:58","slug":"mr025-perlentaucher","status":"publish","type":"podcast","link":"https:\/\/www.kuechenstud.io\/medienradio\/podcast\/mr025-perlentaucher\/","title":{"rendered":"DI025 Perlentaucher"},"content":{"rendered":"<p>Diese Woche hat Sabine &#8220;SLS&#8221; Leutheusser-Schnarrenberger eine als grunds\u00e4tzlich angek\u00fcndigte Rede zum Urheberrecht gehalten (<a href=\"http:\/\/irights.info\/blog\/arbeit2.0\/2010\/06\/14\/berliner-rede-zum-urheberrecht-von-sabine-leutheusser-schnarrenberger\/\">Volltext<\/a>). Besonders gespannt wurden erwartet ihre Ausf\u00fchrungen zum geplanten Leistungsschutzrecht (LSR) f\u00fcr Verlage. Die Reaktionen waren unterschiedlich. Im Medienradio kommentiert und kritisiert <a href=\"http:\/\/twitter.com\/chervel\">Thierry Chervel<\/a> vom <a href=\"http:\/\/perlentaucher.de\">Perlentaucher<\/a> die SLS-Rede. Aggregatoren wie der Perlentaucher sind vom geplanten Leistungsschutzrecht vermutlich besonders betroffen. Der Journalist <a href=\"http:\/\/twitter.com\/spielkamp\">Matthias Spielkamp<\/a>, <a href=\"http:\/\/irights.info\">irights.info<\/a> wird kurz per Skype rein geschaltet und schildert seine Sicht auf die SLS-Rede. <\/p>\n<p>Es geht um Fragen, wie ein LSR trennen will zwischen auf der einen Seite Links und Snippets gro\u00dfer Plattformen wie Google, die daf\u00fcr zahlen sollen, und auf der anderen Seite Links und Snippets kleiner Publikationen wie Perlentaucher, die tendenziell eher nicht zahlen sollen. Auch die Einlassungen von SLS zum Verh\u00e4ltnis Urheber-Verwerter-Nutzer sto\u00dfen auf Kritik.<\/p>\n<p>Thierry Chervel erz\u00e4hlt von den Anf\u00e4ngen des Perlentauchers, erl\u00e4utert das Projekt heute und wirft einen Blick in die Zukunft &#8211; vor allem auf den Prozess vor dem BGH gegen die FAZ.  <\/p>\n","protected":false},"author":1,"featured_media":0,"comment_status":"open","ping_status":"open","template":"","meta":{"_acf_changed":false,"footnotes":""},"tags":[],"class_list":["post-174","podcast","type-podcast","status-publish","hentry","post"],"acf":[],"jetpack_sharing_enabled":true,"_links":{"self":[{"href":"https:\/\/www.kuechenstud.io\/medienradio\/wp-json\/wp\/v2\/episodes\/174","targetHints":{"allow":["GET"]}}],"collection":[{"href":"https:\/\/www.kuechenstud.io\/medienradio\/wp-json\/wp\/v2\/episodes"}],"about":[{"href":"https:\/\/www.kuechenstud.io\/medienradio\/wp-json\/wp\/v2\/types\/podcast"}],"author":[{"embeddable":true,"href":"https:\/\/www.kuechenstud.io\/medienradio\/wp-json\/wp\/v2\/users\/1"}],"replies":[{"embeddable":true,"href":"https:\/\/www.kuechenstud.io\/medienradio\/wp-json\/wp\/v2\/comments?post=174"}],"version-history":[{"count":1,"href":"https:\/\/www.kuechenstud.io\/medienradio\/wp-json\/wp\/v2\/episodes\/174\/revisions"}],"predecessor-version":[{"id":175,"href":"https:\/\/www.kuechenstud.io\/medienradio\/wp-json\/wp\/v2\/episodes\/174\/revisions\/175"}],"wp:attachment":[{"href":"https:\/\/www.kuechenstud.io\/medienradio\/wp-json\/wp\/v2\/media?parent=174"}],"wp:term":[{"taxonomy":"post_tag","embeddable":true,"href":"https:\/\/www.kuechenstud.io\/medienradio\/wp-json\/wp\/v2\/tags?post=174"}],"curies":[{"name":"wp","href":"https:\/\/api.w.org\/{rel}","templated":true}]}}

<p>Diese Woche hat Sabine &#8220;SLS&#8221; Leutheusser-Schnarrenberger eine als grundsätzlich angekündigte Rede zum Urheberrecht gehalten (<a href="http://irights.info/blog/arbeit2.0/2010/06/14/berliner-rede-zum-urheberrecht-von-sabine-leutheusser-schnarrenberger/">Volltext</a>). Besonders gespannt wurden erwartet ihre Ausführungen zum geplanten Leistungsschutzrecht (LSR) für Verlage. Die Reaktionen waren unterschiedlich. Im Medienradio kommentiert und kritisiert <a href="http://twitter.com/chervel">Thierry Chervel</a> vom <a href="http://perlentaucher.de">Perlentaucher</a> die SLS-Rede. Aggregatoren wie der Perlentaucher sind vom geplanten Leistungsschutzrecht vermutlich besonders betroffen. Der Journalist <a href="http://twitter.com/spielkamp">Matthias Spielkamp</a>, <a href="http://irights.info">irights.info</a> wird kurz per Skype rein geschaltet und schildert seine Sicht auf die SLS-Rede. </p>
<p>Es geht um Fragen, wie ein LSR trennen will zwischen auf der einen Seite Links und Snippets großer Plattformen wie Google, die dafür zahlen sollen, und auf der anderen Seite Links und Snippets kleiner Publikationen wie Perlentaucher, die tendenziell eher nicht zahlen sollen. Auch die Einlassungen von SLS zum Verhältnis Urheber-Verwerter-Nutzer stoßen auf Kritik.</p>
<p>Thierry Chervel erzählt von den Anfängen des Perlentauchers, erläutert das Projekt heute und wirft einen Blick in die Zukunft &#8211; vor allem auf den Prozess vor dem BGH gegen die FAZ.  </p>
