{"id":970,"date":"2017-02-27T08:42:46","date_gmt":"2017-02-27T07:42:46","guid":{"rendered":"http:\/\/www.kuechenstud.io\/lagebilder\/?page_id=970"},"modified":"2017-02-27T08:52:41","modified_gmt":"2017-02-27T07:52:41","slug":"idee","status":"publish","type":"page","link":"https:\/\/www.kuechenstud.io\/lagebilder\/idee\/","title":{"rendered":"Idee"},"content":{"rendered":"<p>Eure &#8220;Lagebilder&#8221; (<a href=\"https:\/\/lagedernation.org\/lagekarte\/\">hier auch auf einer Karte dargestellt<\/a>) zeigen, was Ihr seht, wenn Ihr unseren Podcast die <a href=\"http:\/\/kuechenstud.io\/lagedernation\">&#8220;Lage der Nation&#8221;<\/a> h\u00f6rt &#8211; Banalit\u00e4ten, spektakul\u00e4re Aussichten oder ferne L\u00e4nder.<\/p>\n<p>Es war eine spontane Idee, hat sich aber zu einem Genre entwickelt, dass uns sehr viel bedeutet. Durch Eure Bilder und die kleinen Geschichten ihrer Entstehung sp\u00fcren wir eine bisher unbekannte N\u00e4he zu Euch. W\u00e4hrend Kommentare im Blog eine intellektuelle, inhaltliche Verbindung schaffen, erzeugen die Fotos eine emotionale Dimension, die wir bisher nicht kannten. Die Fotos bewirken ein starkes Gef\u00fchl der Verbundenheit zwischen uns und Euch. <\/p>\n<p>Sie sind daher auch Symbol f\u00fcr die Einzigartigkeit des Mediums Radio, hier in ihrer pers\u00f6nlichen Form, dem Podcast. Kein anderes Medium kann so eine enge, pers\u00f6nliche Verbindung erzeugen zwischen den Produzenten und den H\u00f6rern und H\u00f6rerinnen. Es gibt zwar verschiedene Rollen &#8211; auch wenn die Grenzen zwischen von Produzenten und Konsumenten verschwimmen -, aber so ein Podcast wie die Lage ist ein \u00d6kosystem, indem sich unsere Leben \u00fcberschneiden und teilweise verbinden. Das ist etwas sehr Besonderes und Eure Lagebilder sind Ausdruck dieser Verbundenheit. Danke. <\/p>\n<p><a href=\"https:\/\/www.kuechenstud.io\/lagebilder\/bilder-schicken\/\">Bitte schickt mehr<\/a>. <\/p>\n","protected":false},"excerpt":{"rendered":"<p>Eure &#8220;Lagebilder&#8221; (hier auch auf einer Karte dargestellt) zeigen, was Ihr seht, wenn Ihr unseren Podcast die &#8220;Lage der Nation&#8221; h\u00f6rt &#8211; Banalit\u00e4ten, spektakul\u00e4re Aussichten oder ferne L\u00e4nder. Es war eine spontane Idee, hat sich aber zu einem Genre entwickelt, dass uns sehr viel bedeutet. Durch Eure Bilder und die kleinen Geschichten ihrer Entstehung sp\u00fcren [&hellip;]<\/p>\n","protected":false},"author":1,"featured_media":0,"parent":0,"menu_order":0,"comment_status":"closed","ping_status":"closed","template":"","meta":{"_acf_changed":false,"footnotes":""},"class_list":["post-970","page","type-page","status-publish","hentry"],"acf":[],"_links":{"self":[{"href":"https:\/\/www.kuechenstud.io\/lagebilder\/wp-json\/wp\/v2\/pages\/970","targetHints":{"allow":["GET"]}}],"collection":[{"href":"https:\/\/www.kuechenstud.io\/lagebilder\/wp-json\/wp\/v2\/pages"}],"about":[{"href":"https:\/\/www.kuechenstud.io\/lagebilder\/wp-json\/wp\/v2\/types\/page"}],"author":[{"embeddable":true,"href":"https:\/\/www.kuechenstud.io\/lagebilder\/wp-json\/wp\/v2\/users\/1"}],"replies":[{"embeddable":true,"href":"https:\/\/www.kuechenstud.io\/lagebilder\/wp-json\/wp\/v2\/comments?post=970"}],"version-history":[{"count":3,"href":"https:\/\/www.kuechenstud.io\/lagebilder\/wp-json\/wp\/v2\/pages\/970\/revisions"}],"predecessor-version":[{"id":983,"href":"https:\/\/www.kuechenstud.io\/lagebilder\/wp-json\/wp\/v2\/pages\/970\/revisions\/983"}],"wp:attachment":[{"href":"https:\/\/www.kuechenstud.io\/lagebilder\/wp-json\/wp\/v2\/media?parent=970"}],"curies":[{"name":"wp","href":"https:\/\/api.w.org\/{rel}","templated":true}]}}