{"id":907,"date":"2010-11-24T20:26:09","date_gmt":"2010-11-24T18:26:09","guid":{"rendered":"http:\/\/www.kuechenradio.org\/wp\/?p=907"},"modified":"2013-02-27T12:03:16","modified_gmt":"2013-02-27T11:03:16","slug":"kr282-aids","status":"publish","type":"podcast","link":"https:\/\/www.kuechenstud.io\/kuechenradio\/episode\/kr282-aids\/","title":{"rendered":"KR282 Aids"},"content":{"rendered":"<p>Der Arzt Christoph Weber verreist seit Jahren mit HIV-Patienten. Aus Interviews mit Teilnehmern und anderen Betroffenen ist das Projekt &#8220;<a href=\"http:\/\/stimmeninderstadt.de\">Stimmen in der Stadt<\/a>&#8221; entstanden. Einen Tag bevor die H\u00f6rstationen angeschaltet werden treffen Frau Katja und Cindy Christoph und seinen Mitstreiter Martin Kostezer. Ein Gespr\u00e4ch am K\u00fcchentisch \u00fcber neue und alte Tabus, Krankheiten und die Angst vor &#8220;L\u00f6chern im Gesicht&#8221;. Geraucht wurde erst hinterher. Daf\u00fcr gab es Suppe. <\/p>\n","protected":false},"author":5,"featured_media":0,"comment_status":"open","ping_status":"open","template":"","meta":{"_acf_changed":false,"footnotes":""},"tags":[],"class_list":["post-907","podcast","type-podcast","status-publish","hentry","post"],"acf":[],"_links":{"self":[{"href":"https:\/\/www.kuechenstud.io\/kuechenradio\/wp-json\/wp\/v2\/episodes\/907","targetHints":{"allow":["GET"]}}],"collection":[{"href":"https:\/\/www.kuechenstud.io\/kuechenradio\/wp-json\/wp\/v2\/episodes"}],"about":[{"href":"https:\/\/www.kuechenstud.io\/kuechenradio\/wp-json\/wp\/v2\/types\/podcast"}],"author":[{"embeddable":true,"href":"https:\/\/www.kuechenstud.io\/kuechenradio\/wp-json\/wp\/v2\/users\/5"}],"replies":[{"embeddable":true,"href":"https:\/\/www.kuechenstud.io\/kuechenradio\/wp-json\/wp\/v2\/comments?post=907"}],"version-history":[{"count":6,"href":"https:\/\/www.kuechenstud.io\/kuechenradio\/wp-json\/wp\/v2\/episodes\/907\/revisions"}],"predecessor-version":[{"id":2051,"href":"https:\/\/www.kuechenstud.io\/kuechenradio\/wp-json\/wp\/v2\/episodes\/907\/revisions\/2051"}],"wp:attachment":[{"href":"https:\/\/www.kuechenstud.io\/kuechenradio\/wp-json\/wp\/v2\/media?parent=907"}],"wp:term":[{"taxonomy":"post_tag","embeddable":true,"href":"https:\/\/www.kuechenstud.io\/kuechenradio\/wp-json\/wp\/v2\/tags?post=907"}],"curies":[{"name":"wp","href":"https:\/\/api.w.org\/{rel}","templated":true}]}}

<p>Der Arzt Christoph Weber verreist seit Jahren mit HIV-Patienten. Aus Interviews mit Teilnehmern und anderen Betroffenen ist das Projekt &#8220;<a href="http://stimmeninderstadt.de">Stimmen in der Stadt</a>&#8221; entstanden. Einen Tag bevor die Hörstationen angeschaltet werden treffen Frau Katja und Cindy Christoph und seinen Mitstreiter Martin Kostezer. Ein Gespräch am Küchentisch über neue und alte Tabus, Krankheiten und die Angst vor &#8220;Löchern im Gesicht&#8221;. Geraucht wurde erst hinterher. Dafür gab es Suppe. </p>
