{"id":868,"date":"2010-10-20T00:12:48","date_gmt":"2010-10-19T22:12:48","guid":{"rendered":"http:\/\/www.kuechenradio.org\/wp\/?p=868"},"modified":"2010-10-20T12:48:05","modified_gmt":"2010-10-20T10:48:05","slug":"kr277-bienen","status":"publish","type":"podcast","link":"https:\/\/www.kuechenstud.io\/kuechenradio\/episode\/kr277-bienen\/","title":{"rendered":"KR277 Bienen"},"content":{"rendered":"<p><img decoding=\"async\" src=\"https:\/\/www.kuechenstud.io\/kuechenradio\/files\/juergentautz.jpg\" alt=\"J\u00fcrgen Tautz vor HOBOS\" \/><\/p>\n<p><a href=\"http:\/\/www.bienenforschung.biozentrum.uni-wuerzburg.de\/die_beegroup\/mitglieder_assoziierte\/juergen_tautz\/\">J\u00fcrgen Tautz<\/a> ist Deutschlands bekanntester Bienenforscher. Im gem\u00fctlichen <a href=\"http:\/\/www.beegroup.de\/\">Bienenzentrum der Universit\u00e4t W\u00fcrzburg<\/a> versucht der Professor dem Superorganismus Biene auf die Spur zu kommen: Wie finden Schw\u00e4rme neue Nistpl\u00e4tze? Wie koordinieren sie die Beheizug ihrer Behausung? Wie sch\u00fctzen sie sich in der warmen, nahrhaften Enge gegen Krankheiten? Wie beschlieen die Arbeitsbienen die Zahl der ben\u00f6tigten Drohnen und teilen dies der K\u00f6nigin mit? &#8220;Vielleicht tr\u00e4umen Bienen auch&#8221;, sagt Tautz, Autor zweier Standard-Werke: &#8220;<a href=\"http:\/\/www.amazon.de\/gp\/product\/3827418453?ie=UTF8&#038;tag=kuechenradioo-21&#038;linkCode=as2&#038;camp=1638&#038;creative=6742&#038;creativeASIN=3827418453\">Ph\u00e4nomen Honigbiene<\/a><img loading=\"lazy\" decoding=\"async\" src=\"http:\/\/www.assoc-amazon.de\/e\/ir?t=kuechenradioo-21&#038;l=as2&#038;o=3&#038;a=3827418453\" width=\"1\" height=\"1\" border=\"0\" alt=\"\" style=\"border:none !important; margin:0px !important;\" \/>&#8221; (Affiliate-Link) und &#8220;<a href=\"http:\/\/www.amazon.de\/gp\/product\/3932513800?ie=UTF8&#038;tag=kuechenradioo-21&#038;linkCode=as2&#038;camp=1638&#038;creative=6742&#038;creativeASIN=3932513800\">Der Bien: Superorganismus Honigbiene<\/a><img loading=\"lazy\" decoding=\"async\" src=\"http:\/\/www.assoc-amazon.de\/e\/ir?t=kuechenradioo-21&#038;l=as2&#038;o=3&#038;a=3932513800\" width=\"1\" height=\"1\" border=\"0\" alt=\"\" style=\"border:none !important; margin:0px !important;\" \/>&#8221; (Affiliate-Link). <\/p>\n<p>An den Fensterscheiben des Bienenzentrums kleben Biene Majas und Tautz serviert selbst gebackenen Kuchen. Auf dem Balkon steht in der Herbstsonne eine Bienenbeute voller Metechnik &#8211; Herz von Tautz\u00b4 Lieblingsprojekt: <a href=\"http:\/\/www.hobos-online.de\/\">Hobos<\/a>, Live-Video und Live-Medaten f\u00fcr Sch\u00fcler und Wissenschaftler. Eine sch\u00f6ne Verbindung aus zeitgem\u00e4er Grundschul-P\u00e4dagogik und OpenData. DocPhils erste offizielle K\u00fcchenradio-Dienstreise. Kommentare und Flattrs wie immer willkommen ;)<\/p>\n","protected":false},"author":1406,"featured_media":1641,"comment_status":"open","ping_status":"open","template":"","meta":{"_acf_changed":false,"footnotes":""},"tags":[],"class_list":["post-868","podcast","type-podcast","status-publish","has-post-thumbnail","hentry","post"],"acf":[],"_links":{"self":[{"href":"https:\/\/www.kuechenstud.io\/kuechenradio\/wp-json\/wp\/v2\/episodes\/868","targetHints":{"allow":["GET"]}}],"collection":[{"href":"https:\/\/www.kuechenstud.io\/kuechenradio\/wp-json\/wp\/v2\/episodes"}],"about":[{"href":"https:\/\/www.kuechenstud.io\/kuechenradio\/wp-json\/wp\/v2\/types\/podcast"}],"author":[{"embeddable":true,"href":"https:\/\/www.kuechenstud.io\/kuechenradio\/wp-json\/wp\/v2\/users\/1406"}],"replies":[{"embeddable":true,"href":"https:\/\/www.kuechenstud.io\/kuechenradio\/wp-json\/wp\/v2\/comments?post=868"}],"version-history":[{"count":11,"href":"https:\/\/www.kuechenstud.io\/kuechenradio\/wp-json\/wp\/v2\/episodes\/868\/revisions"}],"predecessor-version":[{"id":872,"href":"https:\/\/www.kuechenstud.io\/kuechenradio\/wp-json\/wp\/v2\/episodes\/868\/revisions\/872"}],"wp:featuredmedia":[{"embeddable":true,"href":"https:\/\/www.kuechenstud.io\/kuechenradio\/wp-json\/wp\/v2\/media\/1641"}],"wp:attachment":[{"href":"https:\/\/www.kuechenstud.io\/kuechenradio\/wp-json\/wp\/v2\/media?parent=868"}],"wp:term":[{"taxonomy":"post_tag","embeddable":true,"href":"https:\/\/www.kuechenstud.io\/kuechenradio\/wp-json\/wp\/v2\/tags?post=868"}],"curies":[{"name":"wp","href":"https:\/\/api.w.org\/{rel}","templated":true}]}}

<p><img decoding="async" src="https://www.kuechenstud.io/kuechenradio/files/juergentautz.jpg" alt="Jürgen Tautz vor HOBOS" /></p>
<p><a href="http://www.bienenforschung.biozentrum.uni-wuerzburg.de/die_beegroup/mitglieder_assoziierte/juergen_tautz/">Jürgen Tautz</a> ist Deutschlands bekanntester Bienenforscher. Im gemütlichen <a href="http://www.beegroup.de/">Bienenzentrum der Universität Würzburg</a> versucht der Professor dem Superorganismus Biene auf die Spur zu kommen: Wie finden Schwärme neue Nistplätze? Wie koordinieren sie die Beheizug ihrer Behausung? Wie schützen sie sich in der warmen, nahrhaften Enge gegen Krankheiten? Wie beschlieen die Arbeitsbienen die Zahl der benötigten Drohnen und teilen dies der Königin mit? &#8220;Vielleicht träumen Bienen auch&#8221;, sagt Tautz, Autor zweier Standard-Werke: &#8220;<a href="http://www.amazon.de/gp/product/3827418453?ie=UTF8&#038;tag=kuechenradioo-21&#038;linkCode=as2&#038;camp=1638&#038;creative=6742&#038;creativeASIN=3827418453">Phänomen Honigbiene</a><img loading="lazy" decoding="async" src="http://www.assoc-amazon.de/e/ir?t=kuechenradioo-21&#038;l=as2&#038;o=3&#038;a=3827418453" width="1" height="1" border="0" alt="" style="border:none !important; margin:0px !important;" />&#8221; (Affiliate-Link) und &#8220;<a href="http://www.amazon.de/gp/product/3932513800?ie=UTF8&#038;tag=kuechenradioo-21&#038;linkCode=as2&#038;camp=1638&#038;creative=6742&#038;creativeASIN=3932513800">Der Bien: Superorganismus Honigbiene</a><img loading="lazy" decoding="async" src="http://www.assoc-amazon.de/e/ir?t=kuechenradioo-21&#038;l=as2&#038;o=3&#038;a=3932513800" width="1" height="1" border="0" alt="" style="border:none !important; margin:0px !important;" />&#8221; (Affiliate-Link). </p>
<p>An den Fensterscheiben des Bienenzentrums kleben Biene Majas und Tautz serviert selbst gebackenen Kuchen. Auf dem Balkon steht in der Herbstsonne eine Bienenbeute voller Metechnik &#8211; Herz von Tautz´ Lieblingsprojekt: <a href="http://www.hobos-online.de/">Hobos</a>, Live-Video und Live-Medaten für Schüler und Wissenschaftler. Eine schöne Verbindung aus zeitgemäer Grundschul-Pädagogik und OpenData. DocPhils erste offizielle Küchenradio-Dienstreise. Kommentare und Flattrs wie immer willkommen ;)</p>
