{"id":518,"date":"2010-01-22T00:26:20","date_gmt":"2010-01-21T22:26:20","guid":{"rendered":"http:\/\/www.kuechenradio.org\/wp\/?p=518"},"modified":"2010-03-09T19:42:34","modified_gmt":"2010-03-09T17:42:34","slug":"kr243-tacheles","status":"publish","type":"podcast","link":"https:\/\/www.kuechenstud.io\/kuechenradio\/episode\/kr243-tacheles\/","title":{"rendered":"KR243 Tacheles"},"content":{"rendered":"<p><img decoding=\"async\" src=\"https:\/\/www.kuechenstud.io\/kuechenradio\/files\/tacheles-katja.jpg\" alt=\"Katja Bigalke\" \/><\/p>\n<p>Katja und Onkel Andi besuchen das <a href=\"http:\/\/super.tacheles.de\/cms\/\">Kunsthaus Tacheles<\/a>. Dieses umstrittene Epizentrum der Berliner Alternativkultur steht vor dem Aus. Team K\u00fcchenradio f\u00fchlt den Puls. <\/p>\n<p>20 jahre danach: Das Tacheles ist ein Paradoxon. Ginge es nach den Hauptstadtplanungen der DDR, d\u00fcrfte es nicht mehr existieren. Aber der Mauerfall und eine Gruppe engagierter K\u00fcnstler bewahrte die schon teilgesprengte Ruine vor dem Ende: Hier wollte man Platz schaffen f\u00fcr eine Strae. Nach 1990 trug das Tacheles das seine dazu bei, das Viertel rund um die Oranienburger Strae hip und sexy zu machen. Das K\u00fcnstlerhaus wurde selbst zum Objekt der Begierde skandinavischer Investoren und schaufelte sich irgendwie sein eigenes Grab. Denn die <a href=\"http:\/\/www.fundus.de\/\">Fundus-Gruppe<\/a> &#8211; zu ihr geh\u00f6rt u.a. das <a href=\"http:\/\/www.kempinski.com\/de\/berlinadlon\/Seiten\/Welcome.aspx\">Adlon<\/a> &#8211; will das Haus jetzt entmieten, um (g\u00e4hn) Lofts und ein Luxushotel hier zu bauen. <\/p>\n<p>Aber dann haben die Leute aus dem Tacheles doch auch mit dem Teufel vom gleichen Teller gegessen: Frau Katja und Onkel Andi m\u00fcssen feststellen, dass die K\u00fcnstler selbst eigentlich nur am Touri-Geld interessiert sind. Verdienen sie deshalb, was sie bekommen? Ein Kuechenradio bei minus 7 Grad Berlin und reichlich Uringeruch. Am Ende muss Frau Katja zugeben, dass ihre Fremdsprachenkenntnisse doch nicht so gut sind, wie wir immer gedacht haben, und <a href=\"http:\/\/twitter.com\/onkelandi\">Onkel<\/a> <a href=\"http:\/\/diekleinereise.wordpress.com\">Andi<\/a> kennt den Unterschied zwischen Rodin (frz. Bildhauer) und Rodin (weirussischer Maler) nicht. Tant pis.<\/p>\n","protected":false},"author":1,"featured_media":1615,"comment_status":"open","ping_status":"open","template":"","meta":{"_acf_changed":false,"footnotes":""},"tags":[],"class_list":["post-518","podcast","type-podcast","status-publish","has-post-thumbnail","hentry","post"],"acf":[],"_links":{"self":[{"href":"https:\/\/www.kuechenstud.io\/kuechenradio\/wp-json\/wp\/v2\/episodes\/518","targetHints":{"allow":["GET"]}}],"collection":[{"href":"https:\/\/www.kuechenstud.io\/kuechenradio\/wp-json\/wp\/v2\/episodes"}],"about":[{"href":"https:\/\/www.kuechenstud.io\/kuechenradio\/wp-json\/wp\/v2\/types\/podcast"}],"author":[{"embeddable":true,"href":"https:\/\/www.kuechenstud.io\/kuechenradio\/wp-json\/wp\/v2\/users\/1"}],"replies":[{"embeddable":true,"href":"https:\/\/www.kuechenstud.io\/kuechenradio\/wp-json\/wp\/v2\/comments?post=518"}],"version-history":[{"count":9,"href":"https:\/\/www.kuechenstud.io\/kuechenradio\/wp-json\/wp\/v2\/episodes\/518\/revisions"}],"predecessor-version":[{"id":523,"href":"https:\/\/www.kuechenstud.io\/kuechenradio\/wp-json\/wp\/v2\/episodes\/518\/revisions\/523"}],"wp:featuredmedia":[{"embeddable":true,"href":"https:\/\/www.kuechenstud.io\/kuechenradio\/wp-json\/wp\/v2\/media\/1615"}],"wp:attachment":[{"href":"https:\/\/www.kuechenstud.io\/kuechenradio\/wp-json\/wp\/v2\/media?parent=518"}],"wp:term":[{"taxonomy":"post_tag","embeddable":true,"href":"https:\/\/www.kuechenstud.io\/kuechenradio\/wp-json\/wp\/v2\/tags?post=518"}],"curies":[{"name":"wp","href":"https:\/\/api.w.org\/{rel}","templated":true}]}}

<p><img decoding="async" src="https://www.kuechenstud.io/kuechenradio/files/tacheles-katja.jpg" alt="Katja Bigalke" /></p>
<p>Katja und Onkel Andi besuchen das <a href="http://super.tacheles.de/cms/">Kunsthaus Tacheles</a>. Dieses umstrittene Epizentrum der Berliner Alternativkultur steht vor dem Aus. Team Küchenradio fühlt den Puls. </p>
<p>20 jahre danach: Das Tacheles ist ein Paradoxon. Ginge es nach den Hauptstadtplanungen der DDR, dürfte es nicht mehr existieren. Aber der Mauerfall und eine Gruppe engagierter Künstler bewahrte die schon teilgesprengte Ruine vor dem Ende: Hier wollte man Platz schaffen für eine Strae. Nach 1990 trug das Tacheles das seine dazu bei, das Viertel rund um die Oranienburger Strae hip und sexy zu machen. Das Künstlerhaus wurde selbst zum Objekt der Begierde skandinavischer Investoren und schaufelte sich irgendwie sein eigenes Grab. Denn die <a href="http://www.fundus.de/">Fundus-Gruppe</a> &#8211; zu ihr gehört u.a. das <a href="http://www.kempinski.com/de/berlinadlon/Seiten/Welcome.aspx">Adlon</a> &#8211; will das Haus jetzt entmieten, um (gähn) Lofts und ein Luxushotel hier zu bauen. </p>
<p>Aber dann haben die Leute aus dem Tacheles doch auch mit dem Teufel vom gleichen Teller gegessen: Frau Katja und Onkel Andi müssen feststellen, dass die Künstler selbst eigentlich nur am Touri-Geld interessiert sind. Verdienen sie deshalb, was sie bekommen? Ein Kuechenradio bei minus 7 Grad Berlin und reichlich Uringeruch. Am Ende muss Frau Katja zugeben, dass ihre Fremdsprachenkenntnisse doch nicht so gut sind, wie wir immer gedacht haben, und <a href="http://twitter.com/onkelandi">Onkel</a> <a href="http://diekleinereise.wordpress.com">Andi</a> kennt den Unterschied zwischen Rodin (frz. Bildhauer) und Rodin (weirussischer Maler) nicht. Tant pis.</p>
