{"id":2619,"date":"2020-04-28T19:39:57","date_gmt":"2020-04-28T17:39:57","guid":{"rendered":"podlove-2020-04-28t17:23:24+00:00-3ed0cebf5badc5f"},"modified":"2020-04-30T14:20:17","modified_gmt":"2020-04-30T12:20:17","slug":"kr397-treffen-an-einem-geheimen-ort","status":"publish","type":"podcast","link":"https:\/\/www.kuechenstud.io\/kuechenradio\/episode\/kr397-treffen-an-einem-geheimen-ort\/","title":{"rendered":"KR397 Treffen an einem geheimen Ort"},"content":{"rendered":"\n<figure class=\"wp-block-image size-large\"><img loading=\"lazy\" decoding=\"async\" width=\"1024\" height=\"1024\" src=\"https:\/\/www.kuechenstud.io\/kuechenradio\/files\/2020\/04\/Treffen-an-geheimem-Ort-1024x1024.jpg\" alt=\"\" class=\"wp-image-2622\" srcset=\"https:\/\/www.kuechenstud.io\/kuechenradio\/files\/2020\/04\/Treffen-an-geheimem-Ort-1024x1024.jpg 1024w, https:\/\/www.kuechenstud.io\/kuechenradio\/files\/2020\/04\/Treffen-an-geheimem-Ort-300x300.jpg 300w, https:\/\/www.kuechenstud.io\/kuechenradio\/files\/2020\/04\/Treffen-an-geheimem-Ort-768x768.jpg 768w, https:\/\/www.kuechenstud.io\/kuechenradio\/files\/2020\/04\/Treffen-an-geheimem-Ort-1536x1536.jpg 1536w, https:\/\/www.kuechenstud.io\/kuechenradio\/files\/2020\/04\/Treffen-an-geheimem-Ort-2048x2048.jpg 2048w\" sizes=\"auto, (max-width: 1024px) 100vw, 1024px\" \/><\/figure>\n\n\n\n<p>Cindy und Onkel Andi treffen sich an einem geheimen Ort in Berlin, nur dass der Blick auf die Stadt und weit ins Land hinein, bis an seine Grenzen geht, sei verraten, hoch \u00fcber den D\u00e4chern kl\u00e4rt sich der Geist und die Zungen l\u00f6sen sich, obwohl Cindy, wie er bekr\u00e4ftigt, n\u00fcchtern ist, es ist noch purer Vormittag: Das h\u00e4tte es fr\u00fcher nicht gegeben, wie so vieles sich ver\u00e4ndert hat, in einer Welt voller Gefahren und ohne Gewissheiten, voller \u00c4ngstlicher und Leichtsinniger, in der kaum einer wei\u00df, was das gesunde Ma\u00df ist und gleichzeitig viel zu viele, wo es langzugehen hat: Bei Tee und H\u00f6rnchen sprechen Cindy und Onkel Andi \u00fcber Recht und Freiheit, Vernunft, den Rausch und die Pflicht in Zeiten der Pandemie. Ein K\u00fcchenradio, hoffnungsvoll und optimistisch und niemals ernst. Das war ein gro\u00dfer Spa\u00df!<\/p>\n","protected":false},"author":4,"featured_media":0,"comment_status":"open","ping_status":"open","template":"","meta":{"_acf_changed":false,"footnotes":""},"tags":[37,28,29,35,32,31,30,33],"class_list":["post-2619","podcast","type-podcast","status-publish","hentry","tag-berlin","tag-corona","tag-freiheit","tag-kinder","tag-krankheit","tag-liebe","tag-pflicht","tag-tod","post"],"acf":[],"_links":{"self":[{"href":"https:\/\/www.kuechenstud.io\/kuechenradio\/wp-json\/wp\/v2\/episodes\/2619","targetHints":{"allow":["GET"]}}],"collection":[{"href":"https:\/\/www.kuechenstud.io\/kuechenradio\/wp-json\/wp\/v2\/episodes"}],"about":[{"href":"https:\/\/www.kuechenstud.io\/kuechenradio\/wp-json\/wp\/v2\/types\/podcast"}],"author":[{"embeddable":true,"href":"https:\/\/www.kuechenstud.io\/kuechenradio\/wp-json\/wp\/v2\/users\/4"}],"replies":[{"embeddable":true,"href":"https:\/\/www.kuechenstud.io\/kuechenradio\/wp-json\/wp\/v2\/comments?post=2619"}],"version-history":[{"count":3,"href":"https:\/\/www.kuechenstud.io\/kuechenradio\/wp-json\/wp\/v2\/episodes\/2619\/revisions"}],"predecessor-version":[{"id":2625,"href":"https:\/\/www.kuechenstud.io\/kuechenradio\/wp-json\/wp\/v2\/episodes\/2619\/revisions\/2625"}],"wp:attachment":[{"href":"https:\/\/www.kuechenstud.io\/kuechenradio\/wp-json\/wp\/v2\/media?parent=2619"}],"wp:term":[{"taxonomy":"post_tag","embeddable":true,"href":"https:\/\/www.kuechenstud.io\/kuechenradio\/wp-json\/wp\/v2\/tags?post=2619"}],"curies":[{"name":"wp","href":"https:\/\/api.w.org\/{rel}","templated":true}]}}

<figure class="wp-block-image size-large"><img loading="lazy" decoding="async" width="1024" height="1024" src="https://www.kuechenstud.io/kuechenradio/files/2020/04/Treffen-an-geheimem-Ort-1024x1024.jpg" alt="" class="wp-image-2622" srcset="https://www.kuechenstud.io/kuechenradio/files/2020/04/Treffen-an-geheimem-Ort-1024x1024.jpg 1024w, https://www.kuechenstud.io/kuechenradio/files/2020/04/Treffen-an-geheimem-Ort-300x300.jpg 300w, https://www.kuechenstud.io/kuechenradio/files/2020/04/Treffen-an-geheimem-Ort-768x768.jpg 768w, https://www.kuechenstud.io/kuechenradio/files/2020/04/Treffen-an-geheimem-Ort-1536x1536.jpg 1536w, https://www.kuechenstud.io/kuechenradio/files/2020/04/Treffen-an-geheimem-Ort-2048x2048.jpg 2048w" sizes="auto, (max-width: 1024px) 100vw, 1024px" /></figure>



<p>Cindy und Onkel Andi treffen sich an einem geheimen Ort in Berlin, nur dass der Blick auf die Stadt und weit ins Land hinein, bis an seine Grenzen geht, sei verraten, hoch über den Dächern klärt sich der Geist und die Zungen lösen sich, obwohl Cindy, wie er bekräftigt, nüchtern ist, es ist noch purer Vormittag: Das hätte es früher nicht gegeben, wie so vieles sich verändert hat, in einer Welt voller Gefahren und ohne Gewissheiten, voller Ängstlicher und Leichtsinniger, in der kaum einer weiß, was das gesunde Maß ist und gleichzeitig viel zu viele, wo es langzugehen hat: Bei Tee und Hörnchen sprechen Cindy und Onkel Andi über Recht und Freiheit, Vernunft, den Rausch und die Pflicht in Zeiten der Pandemie. Ein Küchenradio, hoffnungsvoll und optimistisch und niemals ernst. Das war ein großer Spaß!</p>
