{"id":243,"date":"2008-03-12T00:04:01","date_gmt":"2008-03-11T23:04:01","guid":{"rendered":"http:\/\/www.kuechenradio.org\/wp\/?p=243"},"modified":"2008-03-12T08:09:18","modified_gmt":"2008-03-12T07:09:18","slug":"kr_147-harald-von-witzke","status":"publish","type":"podcast","link":"https:\/\/www.kuechenstud.io\/kuechenradio\/episode\/kr_147-harald-von-witzke\/","title":{"rendered":"KR_147 &#8211; Harald von Witzke"},"content":{"rendered":"<p><img decoding=\"async\" src=\"https:\/\/www.kuechenstud.io\/kuechenradio\/files\/harald_von_witzke_01.jpg\" alt=\"\" \/><\/p>\n<p>Was <a href=\"http:\/\/en.wikipedia.org\/wiki\/David_Ricardo\">David Ricardo<\/a> \u00fcbersehen hat und wieso die 2. S\u00e4ule der EU-Agrarpolitik nicht h\u00e4lt, was die B\u00fcrokraten versprochen haben &#8211; <a href=\"http:\/\/www.agrar.hu-berlin.de\/struktur\/mitarbeiter\/945\">Harald von Witzke<\/a>, Professor f\u00fcr Agrar\u00f6konomie an der HU Berlin, spielt Sendung mit der Maus und erkl\u00e4rt im K\u00fcchenradio, was so los ist auf den globalen Agrarm\u00e4rkten. <\/p>\n","protected":false},"author":1,"featured_media":1555,"comment_status":"open","ping_status":"open","template":"","meta":{"_acf_changed":false,"footnotes":""},"tags":[],"class_list":["post-243","podcast","type-podcast","status-publish","has-post-thumbnail","hentry","post"],"acf":[],"_links":{"self":[{"href":"https:\/\/www.kuechenstud.io\/kuechenradio\/wp-json\/wp\/v2\/episodes\/243","targetHints":{"allow":["GET"]}}],"collection":[{"href":"https:\/\/www.kuechenstud.io\/kuechenradio\/wp-json\/wp\/v2\/episodes"}],"about":[{"href":"https:\/\/www.kuechenstud.io\/kuechenradio\/wp-json\/wp\/v2\/types\/podcast"}],"author":[{"embeddable":true,"href":"https:\/\/www.kuechenstud.io\/kuechenradio\/wp-json\/wp\/v2\/users\/1"}],"replies":[{"embeddable":true,"href":"https:\/\/www.kuechenstud.io\/kuechenradio\/wp-json\/wp\/v2\/comments?post=243"}],"version-history":[{"count":0,"href":"https:\/\/www.kuechenstud.io\/kuechenradio\/wp-json\/wp\/v2\/episodes\/243\/revisions"}],"wp:featuredmedia":[{"embeddable":true,"href":"https:\/\/www.kuechenstud.io\/kuechenradio\/wp-json\/wp\/v2\/media\/1555"}],"wp:attachment":[{"href":"https:\/\/www.kuechenstud.io\/kuechenradio\/wp-json\/wp\/v2\/media?parent=243"}],"wp:term":[{"taxonomy":"post_tag","embeddable":true,"href":"https:\/\/www.kuechenstud.io\/kuechenradio\/wp-json\/wp\/v2\/tags?post=243"}],"curies":[{"name":"wp","href":"https:\/\/api.w.org\/{rel}","templated":true}]}}

<p><img decoding="async" src="https://www.kuechenstud.io/kuechenradio/files/harald_von_witzke_01.jpg" alt="" /></p>
<p>Was <a href="http://en.wikipedia.org/wiki/David_Ricardo">David Ricardo</a> übersehen hat und wieso die 2. Säule der EU-Agrarpolitik nicht hält, was die Bürokraten versprochen haben &#8211; <a href="http://www.agrar.hu-berlin.de/struktur/mitarbeiter/945">Harald von Witzke</a>, Professor für Agrarökonomie an der HU Berlin, spielt Sendung mit der Maus und erklärt im Küchenradio, was so los ist auf den globalen Agrarmärkten. </p>
