{"id":2362,"date":"2014-10-09T23:40:57","date_gmt":"2014-10-09T21:40:57","guid":{"rendered":"podlove-2014-10-09t07:29:50+00:00-5dc0d3e8c4dd102"},"modified":"2014-10-09T23:49:08","modified_gmt":"2014-10-09T21:49:08","slug":"kr380-berlin-in-den-90ern","status":"publish","type":"podcast","link":"https:\/\/www.kuechenstud.io\/kuechenradio\/episode\/kr380-berlin-in-den-90ern\/","title":{"rendered":"KR380 Berlin in den 90ern"},"content":{"rendered":"<p><iframe loading=\"lazy\" width=\"728\" height=\"546\" src=\"\/\/www.youtube.com\/embed\/US2jPVqroMc\" frameborder=\"0\" allowfullscreen><\/iframe><\/p>\n<p><img decoding=\"async\" src=\"https:\/\/kuechenstud.io\/podcasts\/kuechenradio\/KR380.jpg\" alt=\"Foto: Michael Lange\" \/><\/p>\n<p><em>Foto: <a href=\"http:\/\/90erberlin.tumblr.com\/page\/3\">Michael Lange<\/a><\/em><\/p>\n<p>Michael Lange ver\u00f6ffentlicht in seinem Blog <a href=\"http:\/\/90erberlin.tumblr.com\/\">&#8220;Berlin in den 90ern&#8221;<\/a> Fotos, die in den 90ern in Berlin gemacht hat. Dazu stellt er oft Fotos, die er Jahre sp\u00e4ter aus derselben Perspektive gemacht hat. Diese Bilder sind auch <a href=\"http:\/\/www.berlinstory-verlag.de\/programm\/titel\/222-Rueckblende.html\">in seinem Buch &#8220;R\u00fcckblende&#8221;<\/a> erschienen. Reimund Spitzer vom Golden Gate war sch\u00f6n \u00f6fter im K\u00fcchenradio (<a href=\"https:\/\/www.kuechenstud.io\/kuechenradio\/episode\/kr_004-rei\/\">KR005<\/a> und <a href=\"https:\/\/www.kuechenstud.io\/kuechenradio\/episode\/kr363-berliner-clubs\/\">KR363<\/a>), viel in den Clubs der 90er unterwegs und unterst\u00fctzt DocPhil und Onkel Andi an diesem Abend. Weil es viel um Bilder geht, haben wir mal wieder Videokameras eingeschaltet. Viel Spa\u00df.<\/p>\n<p>[shownotes mode=&#8221;block&#8221;]<\/p>\n","protected":false},"author":1,"featured_media":2376,"comment_status":"open","ping_status":"open","template":"","meta":{"_acf_changed":false,"footnotes":""},"tags":[],"class_list":["post-2362","podcast","type-podcast","status-publish","has-post-thumbnail","hentry","post"],"acf":[],"_links":{"self":[{"href":"https:\/\/www.kuechenstud.io\/kuechenradio\/wp-json\/wp\/v2\/episodes\/2362","targetHints":{"allow":["GET"]}}],"collection":[{"href":"https:\/\/www.kuechenstud.io\/kuechenradio\/wp-json\/wp\/v2\/episodes"}],"about":[{"href":"https:\/\/www.kuechenstud.io\/kuechenradio\/wp-json\/wp\/v2\/types\/podcast"}],"author":[{"embeddable":true,"href":"https:\/\/www.kuechenstud.io\/kuechenradio\/wp-json\/wp\/v2\/users\/1"}],"replies":[{"embeddable":true,"href":"https:\/\/www.kuechenstud.io\/kuechenradio\/wp-json\/wp\/v2\/comments?post=2362"}],"version-history":[{"count":12,"href":"https:\/\/www.kuechenstud.io\/kuechenradio\/wp-json\/wp\/v2\/episodes\/2362\/revisions"}],"predecessor-version":[{"id":2378,"href":"https:\/\/www.kuechenstud.io\/kuechenradio\/wp-json\/wp\/v2\/episodes\/2362\/revisions\/2378"}],"wp:featuredmedia":[{"embeddable":true,"href":"https:\/\/www.kuechenstud.io\/kuechenradio\/wp-json\/wp\/v2\/media\/2376"}],"wp:attachment":[{"href":"https:\/\/www.kuechenstud.io\/kuechenradio\/wp-json\/wp\/v2\/media?parent=2362"}],"wp:term":[{"taxonomy":"post_tag","embeddable":true,"href":"https:\/\/www.kuechenstud.io\/kuechenradio\/wp-json\/wp\/v2\/tags?post=2362"}],"curies":[{"name":"wp","href":"https:\/\/api.w.org\/{rel}","templated":true}]}}

<p><iframe loading="lazy" width="728" height="546" src="//www.youtube.com/embed/US2jPVqroMc" frameborder="0" allowfullscreen></iframe></p>
<p><img decoding="async" src="https://kuechenstud.io/podcasts/kuechenradio/KR380.jpg" alt="Foto: Michael Lange" /></p>
<p><em>Foto: <a href="http://90erberlin.tumblr.com/page/3">Michael Lange</a></em></p>
<p>Michael Lange veröffentlicht in seinem Blog <a href="http://90erberlin.tumblr.com/">&#8220;Berlin in den 90ern&#8221;</a> Fotos, die in den 90ern in Berlin gemacht hat. Dazu stellt er oft Fotos, die er Jahre später aus derselben Perspektive gemacht hat. Diese Bilder sind auch <a href="http://www.berlinstory-verlag.de/programm/titel/222-Rueckblende.html">in seinem Buch &#8220;Rückblende&#8221;</a> erschienen. Reimund Spitzer vom Golden Gate war schön öfter im Küchenradio (<a href="https://www.kuechenstud.io/kuechenradio/episode/kr_004-rei/">KR005</a> und <a href="https://www.kuechenstud.io/kuechenradio/episode/kr363-berliner-clubs/">KR363</a>), viel in den Clubs der 90er unterwegs und unterstützt DocPhil und Onkel Andi an diesem Abend. Weil es viel um Bilder geht, haben wir mal wieder Videokameras eingeschaltet. Viel Spaß.</p>
<p>[shownotes mode=&#8221;block&#8221;]</p>
