{"id":233,"date":"2008-02-25T22:17:09","date_gmt":"2008-02-25T21:17:09","guid":{"rendered":"http:\/\/www.kuechenradio.org\/wp\/?p=233"},"modified":"2008-03-15T15:11:51","modified_gmt":"2008-03-15T14:11:51","slug":"kr_142-cindy-km","status":"publish","type":"podcast","link":"https:\/\/www.kuechenstud.io\/kuechenradio\/episode\/kr_142-cindy-km\/","title":{"rendered":"KR_142 &#8211; Cindy: 4001 km"},"content":{"rendered":"<p><img decoding=\"async\" src=\"https:\/\/www.kuechenstud.io\/kuechenradio\/files\/cindy_yazd.jpg\" alt=\"\" \/><\/p>\n<p>Cindy hat vier Audio-Dateien geschickt, die wirken wie eine zersprungene Bierflasche: Zwei Teile folgen offensichtlich aufeinander und passen zusammen. F\u00fcr die anderen zwei gilt das nicht, auch nicht nach dem zweiten Sende-Versuch. Ich versuche daher nicht mehr Sinn hinein zu schneiden, als drin ist und klebe die vier Teile zusammen, auf dass sie im Ohr des H\u00f6rers ihren Zauber entfalten. (Wieso Cindy einen 10-Minuten-Podcast in vier Teile zerlegt? Technische Gr\u00fcnde, nehme ich an.)<\/p>\n<p>Unsere wackere Korrespondentin textete dazu:<\/p>\n<blockquote><p>\nCindy aus der Welthauptstadt umgefallener Lehmziegelmauern: Yazd. Alles locker hier. Nur die Kuppeln leuchten. Um die Ecke von der Freitgsmoschee hat Cindy beim Wasserpfeife-Rauchen neue Freunde gefunden.<\/p>\n<p>PS: In Kerman, vier Zugstunden weiter Richtung S\u00fcden, hat Cindy Parsa und seine Frau wieder getroffen. Die beiden haben Cindy zu einem Sufi-Treffen mitgenommen und anschlieend zum Essen bei den Schwiegereltern. Und Cindy wei nicht, was sie mehr bewegt hat. <\/p>\n<p>Irgendwelche Vorschl\u00e4ge? berhaupt freut sich Cindy SEHR \u00fcber R\u00fcckmeldungen, Vorschl\u00e4ge und FRAGEN zur Region. JETZT wei Cindy n\u00e4mlich ALLES \u00fcber den Iran, fragt sich nur noch wie lange.<\/p>\n<p>ACH so, leider diesmal kein Gruppenbild. Hab mal zwei Bilder aus dem Netz runtergeladen. Das Bild von Google-Earth gibt EXAKT den Blick vom Hoteldach wieder. Bin immer noch unzufrieden&#8230; Zum Beispiel gestern die Derwische&#8230; Das w\u00e4re was gewesen&#8230; Aber irgendwie krieg ich das f\u00fcrs K\u00fcchenradio in f\u00fcnf Minuten nicht gebacken. Deswegen doch wieder ziemlich viel &#8220;Traveler-small-Talk&#8221; oder soll ich einfach mehr erz\u00e4hlen?<\/p><\/blockquote>\n","protected":false},"author":1,"featured_media":1551,"comment_status":"open","ping_status":"open","template":"","meta":{"_acf_changed":false,"footnotes":""},"tags":[],"class_list":["post-233","podcast","type-podcast","status-publish","has-post-thumbnail","hentry","post"],"acf":[],"_links":{"self":[{"href":"https:\/\/www.kuechenstud.io\/kuechenradio\/wp-json\/wp\/v2\/episodes\/233","targetHints":{"allow":["GET"]}}],"collection":[{"href":"https:\/\/www.kuechenstud.io\/kuechenradio\/wp-json\/wp\/v2\/episodes"}],"about":[{"href":"https:\/\/www.kuechenstud.io\/kuechenradio\/wp-json\/wp\/v2\/types\/podcast"}],"author":[{"embeddable":true,"href":"https:\/\/www.kuechenstud.io\/kuechenradio\/wp-json\/wp\/v2\/users\/1"}],"replies":[{"embeddable":true,"href":"https:\/\/www.kuechenstud.io\/kuechenradio\/wp-json\/wp\/v2\/comments?post=233"}],"version-history":[{"count":0,"href":"https:\/\/www.kuechenstud.io\/kuechenradio\/wp-json\/wp\/v2\/episodes\/233\/revisions"}],"wp:featuredmedia":[{"embeddable":true,"href":"https:\/\/www.kuechenstud.io\/kuechenradio\/wp-json\/wp\/v2\/media\/1551"}],"wp:attachment":[{"href":"https:\/\/www.kuechenstud.io\/kuechenradio\/wp-json\/wp\/v2\/media?parent=233"}],"wp:term":[{"taxonomy":"post_tag","embeddable":true,"href":"https:\/\/www.kuechenstud.io\/kuechenradio\/wp-json\/wp\/v2\/tags?post=233"}],"curies":[{"name":"wp","href":"https:\/\/api.w.org\/{rel}","templated":true}]}}

<p><img decoding="async" src="https://www.kuechenstud.io/kuechenradio/files/cindy_yazd.jpg" alt="" /></p>
<p>Cindy hat vier Audio-Dateien geschickt, die wirken wie eine zersprungene Bierflasche: Zwei Teile folgen offensichtlich aufeinander und passen zusammen. Für die anderen zwei gilt das nicht, auch nicht nach dem zweiten Sende-Versuch. Ich versuche daher nicht mehr Sinn hinein zu schneiden, als drin ist und klebe die vier Teile zusammen, auf dass sie im Ohr des Hörers ihren Zauber entfalten. (Wieso Cindy einen 10-Minuten-Podcast in vier Teile zerlegt? Technische Gründe, nehme ich an.)</p>
<p>Unsere wackere Korrespondentin textete dazu:</p>
<blockquote><p>
Cindy aus der Welthauptstadt umgefallener Lehmziegelmauern: Yazd. Alles locker hier. Nur die Kuppeln leuchten. Um die Ecke von der Freitgsmoschee hat Cindy beim Wasserpfeife-Rauchen neue Freunde gefunden.</p>
<p>PS: In Kerman, vier Zugstunden weiter Richtung Süden, hat Cindy Parsa und seine Frau wieder getroffen. Die beiden haben Cindy zu einem Sufi-Treffen mitgenommen und anschlieend zum Essen bei den Schwiegereltern. Und Cindy wei nicht, was sie mehr bewegt hat. </p>
<p>Irgendwelche Vorschläge? berhaupt freut sich Cindy SEHR über Rückmeldungen, Vorschläge und FRAGEN zur Region. JETZT wei Cindy nämlich ALLES über den Iran, fragt sich nur noch wie lange.</p>
<p>ACH so, leider diesmal kein Gruppenbild. Hab mal zwei Bilder aus dem Netz runtergeladen. Das Bild von Google-Earth gibt EXAKT den Blick vom Hoteldach wieder. Bin immer noch unzufrieden&#8230; Zum Beispiel gestern die Derwische&#8230; Das wäre was gewesen&#8230; Aber irgendwie krieg ich das fürs Küchenradio in fünf Minuten nicht gebacken. Deswegen doch wieder ziemlich viel &#8220;Traveler-small-Talk&#8221; oder soll ich einfach mehr erzählen?</p></blockquote>
