{"id":231,"date":"2008-02-13T00:57:39","date_gmt":"2008-02-12T23:57:39","guid":{"rendered":"http:\/\/www.kuechenradio.org\/wp\/?p=231"},"modified":"2008-02-26T23:20:19","modified_gmt":"2008-02-26T22:20:19","slug":"kr_140-cindy-3508-km","status":"publish","type":"podcast","link":"https:\/\/www.kuechenstud.io\/kuechenradio\/episode\/kr_140-cindy-3508-km\/","title":{"rendered":"KR_140 &#8211; Cindy: 3508 km"},"content":{"rendered":"<p><img decoding=\"async\" src=\"https:\/\/www.kuechenstud.io\/kuechenradio\/files\/cindyteh.jpg\" alt=\"\" \/><\/p>\n<p>Cindy ist in Teheran angekommen und hat sich im \u00e4ltesten Hotel der Stadt eingemietet. Drauen tobt der Verkehr, drinnen rastet eine bulgarische Karawane. Anfang und Ende ihrer Audio-Depesche ist so roh wie es Cindy gern hat.<\/p>\n<p>Nachtrag aus dem Orient:<\/p>\n<p>1. Der Polizeichef von Tehran hat sich anl\u00e4lich des 29. Revolutionsjubil\u00e4ums gegen rauchende Frauen in der ffentlichkeit als &#8220;soziale Abnormit\u00e4t&#8221; ausgesprochen.<\/p>\n<p>2. Venti aus Bulgarien will weiter nach Indien fahren, und vielleicht treffen sich Cindy und er in Goa.<\/p>\n<p>3. S. die junge Filmemacherin, die davon tr\u00e4umt, ihre Haare im Wind wehen zu lassen, hat nicht vor mit dem Rauchen in der ffentlichkeit aufzuh\u00f6ren.<\/p>\n","protected":false},"author":1,"featured_media":1549,"comment_status":"open","ping_status":"open","template":"","meta":{"_acf_changed":false,"footnotes":""},"tags":[],"class_list":["post-231","podcast","type-podcast","status-publish","has-post-thumbnail","hentry","post"],"acf":[],"_links":{"self":[{"href":"https:\/\/www.kuechenstud.io\/kuechenradio\/wp-json\/wp\/v2\/episodes\/231","targetHints":{"allow":["GET"]}}],"collection":[{"href":"https:\/\/www.kuechenstud.io\/kuechenradio\/wp-json\/wp\/v2\/episodes"}],"about":[{"href":"https:\/\/www.kuechenstud.io\/kuechenradio\/wp-json\/wp\/v2\/types\/podcast"}],"author":[{"embeddable":true,"href":"https:\/\/www.kuechenstud.io\/kuechenradio\/wp-json\/wp\/v2\/users\/1"}],"replies":[{"embeddable":true,"href":"https:\/\/www.kuechenstud.io\/kuechenradio\/wp-json\/wp\/v2\/comments?post=231"}],"version-history":[{"count":0,"href":"https:\/\/www.kuechenstud.io\/kuechenradio\/wp-json\/wp\/v2\/episodes\/231\/revisions"}],"wp:featuredmedia":[{"embeddable":true,"href":"https:\/\/www.kuechenstud.io\/kuechenradio\/wp-json\/wp\/v2\/media\/1549"}],"wp:attachment":[{"href":"https:\/\/www.kuechenstud.io\/kuechenradio\/wp-json\/wp\/v2\/media?parent=231"}],"wp:term":[{"taxonomy":"post_tag","embeddable":true,"href":"https:\/\/www.kuechenstud.io\/kuechenradio\/wp-json\/wp\/v2\/tags?post=231"}],"curies":[{"name":"wp","href":"https:\/\/api.w.org\/{rel}","templated":true}]}}

<p><img decoding="async" src="https://www.kuechenstud.io/kuechenradio/files/cindyteh.jpg" alt="" /></p>
<p>Cindy ist in Teheran angekommen und hat sich im ältesten Hotel der Stadt eingemietet. Drauen tobt der Verkehr, drinnen rastet eine bulgarische Karawane. Anfang und Ende ihrer Audio-Depesche ist so roh wie es Cindy gern hat.</p>
<p>Nachtrag aus dem Orient:</p>
<p>1. Der Polizeichef von Tehran hat sich anlälich des 29. Revolutionsjubiläums gegen rauchende Frauen in der ffentlichkeit als &#8220;soziale Abnormität&#8221; ausgesprochen.</p>
<p>2. Venti aus Bulgarien will weiter nach Indien fahren, und vielleicht treffen sich Cindy und er in Goa.</p>
<p>3. S. die junge Filmemacherin, die davon träumt, ihre Haare im Wind wehen zu lassen, hat nicht vor mit dem Rauchen in der ffentlichkeit aufzuhören.</p>
