{"id":2118,"date":"2013-06-14T16:12:38","date_gmt":"2013-06-14T14:12:38","guid":{"rendered":"podlove-2013-06-19t18:32:06+00:00-28d48f3ca9fffaa"},"modified":"2013-07-17T13:45:18","modified_gmt":"2013-07-17T11:45:18","slug":"kr361-antibiotika-im-stall","status":"publish","type":"podcast","link":"https:\/\/www.kuechenstud.io\/kuechenradio\/episode\/kr361-antibiotika-im-stall\/","title":{"rendered":"KR361 Antibiotika im Stall"},"content":{"rendered":"<p><img decoding=\"async\" src=\"https:\/\/kuechenstud.io\/podcasts\/kuechenradio\/KR361-9.jpg\" alt=\"Rupert Ebner\" \/><\/p>\n<p>DocPhil ist mit dem Liegewagen nach Ingolstadt gefahren, um mit dem Tierarzt <a href=\"http:\/\/invet.de\/\">(Praxis)<\/a> und Lokal-Politiker (<a href=\"http:\/\/www.rupert-ebner.de\/\">Wahlkampfseite<\/a>) Rupert Ebner durch die Kuh-St\u00e4lle zu fahren &#8211; einem der ganze wenigen in der Branche, der sich \u00fcber die Schulter schauen l\u00e4sst. <\/p>\n<p><img decoding=\"async\" src=\"https:\/\/kuechenstud.io\/podcasts\/kuechenradio\/KR361-6.jpg\" alt=\"Rupert Ebner\" \/><\/p>\n<p>Ebner zeigt, wie Antibiotika bei Tieren eingesetzt werden, wie Vorschriften missachtet &#8211; und besser kontrolliert werden k\u00f6nnten. <\/p>\n<p><img decoding=\"async\" src=\"https:\/\/kuechenstud.io\/podcasts\/kuechenradio\/KR361-7.jpg\" alt=\"Rupert Ebner\" \/><\/p>\n<p>Antibiotika bei Tieren ist ein gro\u00dfes Problem, weil durch ihren massenhaften Einsatz resistente Keime entstehen, die auch Menschen bedrohen. Ein umstrittenes Gesetz, das den massenhaften Einsatz von Antibiotika bek\u00e4mpfen soll, <a href=\"http:\/\/www.bundesrat.de\/DE\/presse\/pm\/2013\/079-2013.html\">liegt im Vermittlungsausschuss<\/a>.<\/p>\n<p><img decoding=\"async\" src=\"https:\/\/kuechenstud.io\/podcasts\/kuechenradio\/KR361-4.jpg\" alt=\"Rupert Ebner\" \/><\/p>\n<p><strong>UPDATE:<\/strong><\/p>\n<p>Das besprochenen neue Arzneimittelgesetz <a href=\"http:\/\/www.bmelv.de\/SharedDocs\/Pressemitteilungen\/2013\/210-AI-16_Novelle_des_Arzneimittelgesetzes.html\">wurde verabschiedet<\/a><\/p>\n","protected":false},"author":1,"featured_media":2123,"comment_status":"open","ping_status":"open","template":"","meta":{"_acf_changed":false,"footnotes":""},"tags":[],"class_list":["post-2118","podcast","type-podcast","status-publish","has-post-thumbnail","hentry","post"],"acf":[],"_links":{"self":[{"href":"https:\/\/www.kuechenstud.io\/kuechenradio\/wp-json\/wp\/v2\/episodes\/2118","targetHints":{"allow":["GET"]}}],"collection":[{"href":"https:\/\/www.kuechenstud.io\/kuechenradio\/wp-json\/wp\/v2\/episodes"}],"about":[{"href":"https:\/\/www.kuechenstud.io\/kuechenradio\/wp-json\/wp\/v2\/types\/podcast"}],"author":[{"embeddable":true,"href":"https:\/\/www.kuechenstud.io\/kuechenradio\/wp-json\/wp\/v2\/users\/1"}],"replies":[{"embeddable":true,"href":"https:\/\/www.kuechenstud.io\/kuechenradio\/wp-json\/wp\/v2\/comments?post=2118"}],"version-history":[{"count":13,"href":"https:\/\/www.kuechenstud.io\/kuechenradio\/wp-json\/wp\/v2\/episodes\/2118\/revisions"}],"predecessor-version":[{"id":2137,"href":"https:\/\/www.kuechenstud.io\/kuechenradio\/wp-json\/wp\/v2\/episodes\/2118\/revisions\/2137"}],"wp:featuredmedia":[{"embeddable":true,"href":"https:\/\/www.kuechenstud.io\/kuechenradio\/wp-json\/wp\/v2\/media\/2123"}],"wp:attachment":[{"href":"https:\/\/www.kuechenstud.io\/kuechenradio\/wp-json\/wp\/v2\/media?parent=2118"}],"wp:term":[{"taxonomy":"post_tag","embeddable":true,"href":"https:\/\/www.kuechenstud.io\/kuechenradio\/wp-json\/wp\/v2\/tags?post=2118"}],"curies":[{"name":"wp","href":"https:\/\/api.w.org\/{rel}","templated":true}]}}

<p><img decoding="async" src="https://kuechenstud.io/podcasts/kuechenradio/KR361-9.jpg" alt="Rupert Ebner" /></p>
<p>DocPhil ist mit dem Liegewagen nach Ingolstadt gefahren, um mit dem Tierarzt <a href="http://invet.de/">(Praxis)</a> und Lokal-Politiker (<a href="http://www.rupert-ebner.de/">Wahlkampfseite</a>) Rupert Ebner durch die Kuh-Ställe zu fahren &#8211; einem der ganze wenigen in der Branche, der sich über die Schulter schauen lässt. </p>
<p><img decoding="async" src="https://kuechenstud.io/podcasts/kuechenradio/KR361-6.jpg" alt="Rupert Ebner" /></p>
<p>Ebner zeigt, wie Antibiotika bei Tieren eingesetzt werden, wie Vorschriften missachtet &#8211; und besser kontrolliert werden könnten. </p>
<p><img decoding="async" src="https://kuechenstud.io/podcasts/kuechenradio/KR361-7.jpg" alt="Rupert Ebner" /></p>
<p>Antibiotika bei Tieren ist ein großes Problem, weil durch ihren massenhaften Einsatz resistente Keime entstehen, die auch Menschen bedrohen. Ein umstrittenes Gesetz, das den massenhaften Einsatz von Antibiotika bekämpfen soll, <a href="http://www.bundesrat.de/DE/presse/pm/2013/079-2013.html">liegt im Vermittlungsausschuss</a>.</p>
<p><img decoding="async" src="https://kuechenstud.io/podcasts/kuechenradio/KR361-4.jpg" alt="Rupert Ebner" /></p>
<p><strong>UPDATE:</strong></p>
<p>Das besprochenen neue Arzneimittelgesetz <a href="http://www.bmelv.de/SharedDocs/Pressemitteilungen/2013/210-AI-16_Novelle_des_Arzneimittelgesetzes.html">wurde verabschiedet</a></p>
