{"id":2065,"date":"2013-04-16T23:02:21","date_gmt":"2013-04-16T21:02:21","guid":{"rendered":"podlove-2013-04-16t19:00:34+00:00-4de7287f3052249"},"modified":"2013-04-16T23:03:07","modified_gmt":"2013-04-16T21:03:07","slug":"kr356-rabbiner-rothschild","status":"publish","type":"podcast","link":"https:\/\/www.kuechenstud.io\/kuechenradio\/episode\/kr356-rabbiner-rothschild\/","title":{"rendered":"KR356 Rabbiner Rothschild"},"content":{"rendered":"<p><img loading=\"lazy\" decoding=\"async\" src=\"https:\/\/www.kuechenstud.io\/kuechenradio\/files\/2013\/04\/KR356.jpg\" alt=\"KR356\" width=\"724\" height=\"400\" class=\"alignnone size-full wp-image-2066\" srcset=\"https:\/\/www.kuechenstud.io\/kuechenradio\/files\/2013\/04\/KR356.jpg 724w, https:\/\/www.kuechenstud.io\/kuechenradio\/files\/2013\/04\/KR356-300x165.jpg 300w\" sizes=\"auto, (max-width: 724px) 100vw, 724px\" \/><\/p>\n<p>Der liberale Rabbiner <a href=\"https:\/\/de.wikipedia.org\/wiki\/Walter_Rothschild\">Walter Rothschild<\/a> erz\u00e4hlt im K\u00fcchenradio \u00fcber <a href=\"https:\/\/www.youtube.com\/watch?v=T7hTOMqxydI\">seine Band<\/a>, seine Jugend in Gro\u00dfbritannien, den Nahostkonflikt und seine gro\u00dfe Leidenschaft, die Eisenbahnen im Nahen Osten. Das Team ist seit l\u00e4ngerem mal wieder fast komplett &#8211; und als Cindy versp\u00e4tet reinschneit, wird es erst richtig interessant :) <\/p>\n","protected":false},"author":1,"featured_media":2066,"comment_status":"open","ping_status":"open","template":"","meta":{"_acf_changed":false,"footnotes":""},"tags":[],"class_list":["post-2065","podcast","type-podcast","status-publish","has-post-thumbnail","hentry","post"],"acf":[],"_links":{"self":[{"href":"https:\/\/www.kuechenstud.io\/kuechenradio\/wp-json\/wp\/v2\/episodes\/2065","targetHints":{"allow":["GET"]}}],"collection":[{"href":"https:\/\/www.kuechenstud.io\/kuechenradio\/wp-json\/wp\/v2\/episodes"}],"about":[{"href":"https:\/\/www.kuechenstud.io\/kuechenradio\/wp-json\/wp\/v2\/types\/podcast"}],"author":[{"embeddable":true,"href":"https:\/\/www.kuechenstud.io\/kuechenradio\/wp-json\/wp\/v2\/users\/1"}],"replies":[{"embeddable":true,"href":"https:\/\/www.kuechenstud.io\/kuechenradio\/wp-json\/wp\/v2\/comments?post=2065"}],"version-history":[{"count":3,"href":"https:\/\/www.kuechenstud.io\/kuechenradio\/wp-json\/wp\/v2\/episodes\/2065\/revisions"}],"predecessor-version":[{"id":2070,"href":"https:\/\/www.kuechenstud.io\/kuechenradio\/wp-json\/wp\/v2\/episodes\/2065\/revisions\/2070"}],"wp:featuredmedia":[{"embeddable":true,"href":"https:\/\/www.kuechenstud.io\/kuechenradio\/wp-json\/wp\/v2\/media\/2066"}],"wp:attachment":[{"href":"https:\/\/www.kuechenstud.io\/kuechenradio\/wp-json\/wp\/v2\/media?parent=2065"}],"wp:term":[{"taxonomy":"post_tag","embeddable":true,"href":"https:\/\/www.kuechenstud.io\/kuechenradio\/wp-json\/wp\/v2\/tags?post=2065"}],"curies":[{"name":"wp","href":"https:\/\/api.w.org\/{rel}","templated":true}]}}

<p><img loading="lazy" decoding="async" src="https://www.kuechenstud.io/kuechenradio/files/2013/04/KR356.jpg" alt="KR356" width="724" height="400" class="alignnone size-full wp-image-2066" srcset="https://www.kuechenstud.io/kuechenradio/files/2013/04/KR356.jpg 724w, https://www.kuechenstud.io/kuechenradio/files/2013/04/KR356-300x165.jpg 300w" sizes="auto, (max-width: 724px) 100vw, 724px" /></p>
<p>Der liberale Rabbiner <a href="https://de.wikipedia.org/wiki/Walter_Rothschild">Walter Rothschild</a> erzählt im Küchenradio über <a href="https://www.youtube.com/watch?v=T7hTOMqxydI">seine Band</a>, seine Jugend in Großbritannien, den Nahostkonflikt und seine große Leidenschaft, die Eisenbahnen im Nahen Osten. Das Team ist seit längerem mal wieder fast komplett &#8211; und als Cindy verspätet reinschneit, wird es erst richtig interessant :) </p>
