{"id":1905,"date":"2013-02-08T23:25:35","date_gmt":"2013-02-08T22:25:35","guid":{"rendered":"podlove-2013-02-06t17:23:08+00:00-497c45aa44f5a16"},"modified":"2014-09-24T16:29:39","modified_gmt":"2014-09-24T14:29:39","slug":"kr352-strassenbaubeitrag","status":"publish","type":"podcast","link":"https:\/\/www.kuechenstud.io\/kuechenradio\/episode\/kr352-strassenbaubeitrag\/","title":{"rendered":"KR352 Stra\u00dfenbaubeitrag (Update, 24.9.2014)"},"content":{"rendered":"<p><img loading=\"lazy\" decoding=\"async\" src=\"https:\/\/www.kuechenstud.io\/kuechenradio\/files\/2013\/02\/KR352.jpg\" alt=\"KR352\" width=\"770\" height=\"200\" class=\"alignnone size-full wp-image-1915\" srcset=\"https:\/\/www.kuechenstud.io\/kuechenradio\/files\/2013\/02\/KR352.jpg 770w, https:\/\/www.kuechenstud.io\/kuechenradio\/files\/2013\/02\/KR352-300x77.jpg 300w\" sizes=\"auto, (max-width: 770px) 100vw, 770px\" \/><\/p>\n<p>Trockener Titel. Er bedeutet: Viele Gemeinden haben kein Geld und wenn Stra\u00dfen zu reparieren sind, kassieren die Verwaltungen einfach bei den Anwohnern ab. Zehntausende Euro. Dabei ist &#8220;Stra\u00dfenbau&#8221; das erste, was einem einf\u00e4llt, wenn Kinder fragen: Wozu sind denn eigentlich Steuern da? In den meisten deutschen Gemeinden gilt das nicht. Gerade hat das Bundesverfassungsgericht ein Verfassungsbeschwerde gegen diesen Missstand abgelehnt. <\/p>\n<p>DocPhil ist nach <a href=\"https:\/\/de.wikipedia.org\/wiki\/Suhlendorf\">Suhlendorf<\/a> gefahren, eine kleine Gemeinde in Niedersachsen. Dort hat er Menschen getroffen, die <a href=\"https:\/\/de.wikipedia.org\/wiki\/Privatinsolvenz\">Privatinsolvenz<\/a> beantragen wollen, wenn die Stra\u00dfe vor ihrem Haus repariert wird, weil sie dann 25.000 Euro \u00fcberweisen m\u00fcssten. Eine allein erziehende Mutter sucht nach einem Zweitjob, um den Kredit abbezahlen zu k\u00f6nnen, den sie aufnehmen musste, weil die Kommune sie die Stra\u00dfe vor ihrem Haus bezahlen l\u00e4sst. Einer geht noch: Wer keinen Kredit bekommt, dem stundet die Gemeinde die Kosten &#8211; f\u00fcr 6 Prozent. Die Gemeinde verdient also noch an der misslichen Lage, in die sie ihre B\u00fcrger gebracht hat.<\/p>\n<p>Selbst der B\u00fcrgermeister von Suhlendorf gesteht im Gespr\u00e4ch, dass das wohl &#8220;nicht fair&#8221; sei und &#8220;nicht so sein sollte&#8221;. Aber er k\u00f6nne da nichts machen. <\/p>\n<p>Unsinn, sagt Ernst Niemeier. Der pensionierte Professor f\u00fcr Volkswirtschaftslehre sollte selbst den <a href=\"https:\/\/de.wikipedia.org\/wiki\/Stra%C3%9Fenbaubeitrag\">Stra\u00dfenbaubeitrag<\/a> entrichten und hat &#8211; unterst\u00fctzt vom  <a href=\" http:\/\/avgkd.de\/zwei-verfassungsbeschwerden\/\">Allgemeinen Verein f\u00fcr gerechte Kommunalabgaben<\/a> &#8211; Verfassungsbeschwerde gegen die Kommunalabgabengesetze eingereicht, die den Gemeinden erlauben, ihre B\u00fcrger f\u00fcr die Stra\u00dfen vor ihren H\u00e4usern zahlen zu lassen. Diese Beschwerde wurde jetzt abgewiesen. Als DocPhil mit Niemeier sprach, war das noch nicht klar.<\/p>\n<p><strong>UPDATE, 24.7.2014<\/strong><\/p>\n<p>Das Bundesverfassungsgericht hat eine Entscheidung gef\u00e4llt zu <em>wiederkehrenden<\/em> Stra\u00dfenbaubeitr\u00e4gen und sie f\u00fcr zul\u00e4ssig erkl\u00e4rt. Die Pressemitteilung des BVG dazu <a href=\"https:\/\/www.bundesverfassungsgericht.de\/pressemitteilungen\/bvg14-064.html\">hier<\/a>.<\/p>\n<p>Ernst Niemeier schreibt mir dazu:<\/p>\n<blockquote><p>&#8220;Dieses Urteil pr\u00fcft das Vorhandensein eines besonderen Vorteils der Grundst\u00fcckseigent\u00fcmer nicht. Es geht davon aus und lehnt sich dabei an die Verwaltungsrechtsprechung an, dass ein solcher Vorteil besteht. Nicht die Zugangsm\u00f6glichkeit vom Grundst\u00fcck aus wird durch die Stra\u00dfenerneuerung verbessert (die im \u00dcbrigen durch den Erschlie\u00dfungsbeitrag abgegolten wurde), sondern die bessere und schonendere Nutzbarkeit der Stra\u00dfe. Diesen Vorteil haben alle Stra\u00dfennutzer, die Grundst\u00fcckseigent\u00fcmer-Nutzer und die Fremdnutzer (die nicht mit der Allgemeinheit gleichzusetzen sind). Einen besonderen Vorteil f\u00fcr das Grundst\u00fcck gibt es nicht. Die vom Gericht wiederholte Steigerung des Gebrauchswertes stimmt schon deshalb nicht, weil dieser Wert dann durch die Stra\u00dfenabnutzung gesunken ist und die vermeintliche Gebrauchswertsteigerung nur ein Nachteilsausgleich ist. Es gibt keinen besonderen grundst\u00fccksbezogenen Vorteil. Deshalb entkr\u00e4ftet das Urteil unsere Kritik nicht.&#8221;<\/p><\/blockquote>\n<p><strong>UPDATE, 24.9.2014<\/strong><\/p>\n<p><a href=\"http:\/\/www.verwaltungsgericht-osnabrueck.niedersachsen.de\/portal\/live.php?navigation_id=19717&#038;article_id=127974&#038;_psmand=129\">Verwaltungsgericht Osnabr\u00fcck: Landwirt obsiegt mit Klage gegen Stra\u00dfenausbaubeitrag &#8211; privater Anlieger verliert<\/a><\/p>\n","protected":false},"author":1,"featured_media":1915,"comment_status":"open","ping_status":"open","template":"","meta":{"_acf_changed":false,"footnotes":""},"tags":[],"class_list":["post-1905","podcast","type-podcast","status-publish","has-post-thumbnail","hentry","post"],"acf":[],"_links":{"self":[{"href":"https:\/\/www.kuechenstud.io\/kuechenradio\/wp-json\/wp\/v2\/episodes\/1905","targetHints":{"allow":["GET"]}}],"collection":[{"href":"https:\/\/www.kuechenstud.io\/kuechenradio\/wp-json\/wp\/v2\/episodes"}],"about":[{"href":"https:\/\/www.kuechenstud.io\/kuechenradio\/wp-json\/wp\/v2\/types\/podcast"}],"author":[{"embeddable":true,"href":"https:\/\/www.kuechenstud.io\/kuechenradio\/wp-json\/wp\/v2\/users\/1"}],"replies":[{"embeddable":true,"href":"https:\/\/www.kuechenstud.io\/kuechenradio\/wp-json\/wp\/v2\/comments?post=1905"}],"version-history":[{"count":16,"href":"https:\/\/www.kuechenstud.io\/kuechenradio\/wp-json\/wp\/v2\/episodes\/1905\/revisions"}],"predecessor-version":[{"id":2352,"href":"https:\/\/www.kuechenstud.io\/kuechenradio\/wp-json\/wp\/v2\/episodes\/1905\/revisions\/2352"}],"wp:featuredmedia":[{"embeddable":true,"href":"https:\/\/www.kuechenstud.io\/kuechenradio\/wp-json\/wp\/v2\/media\/1915"}],"wp:attachment":[{"href":"https:\/\/www.kuechenstud.io\/kuechenradio\/wp-json\/wp\/v2\/media?parent=1905"}],"wp:term":[{"taxonomy":"post_tag","embeddable":true,"href":"https:\/\/www.kuechenstud.io\/kuechenradio\/wp-json\/wp\/v2\/tags?post=1905"}],"curies":[{"name":"wp","href":"https:\/\/api.w.org\/{rel}","templated":true}]}}

KR352 Straßenbaubeitrag (Update, 24.9.2014)

<p><img loading="lazy" decoding="async" src="https://www.kuechenstud.io/kuechenradio/files/2013/02/KR352.jpg" alt="KR352" width="770" height="200" class="alignnone size-full wp-image-1915" srcset="https://www.kuechenstud.io/kuechenradio/files/2013/02/KR352.jpg 770w, https://www.kuechenstud.io/kuechenradio/files/2013/02/KR352-300x77.jpg 300w" sizes="auto, (max-width: 770px) 100vw, 770px" /></p>
<p>Trockener Titel. Er bedeutet: Viele Gemeinden haben kein Geld und wenn Straßen zu reparieren sind, kassieren die Verwaltungen einfach bei den Anwohnern ab. Zehntausende Euro. Dabei ist &#8220;Straßenbau&#8221; das erste, was einem einfällt, wenn Kinder fragen: Wozu sind denn eigentlich Steuern da? In den meisten deutschen Gemeinden gilt das nicht. Gerade hat das Bundesverfassungsgericht ein Verfassungsbeschwerde gegen diesen Missstand abgelehnt. </p>
<p>DocPhil ist nach <a href="https://de.wikipedia.org/wiki/Suhlendorf">Suhlendorf</a> gefahren, eine kleine Gemeinde in Niedersachsen. Dort hat er Menschen getroffen, die <a href="https://de.wikipedia.org/wiki/Privatinsolvenz">Privatinsolvenz</a> beantragen wollen, wenn die Straße vor ihrem Haus repariert wird, weil sie dann 25.000 Euro überweisen müssten. Eine allein erziehende Mutter sucht nach einem Zweitjob, um den Kredit abbezahlen zu können, den sie aufnehmen musste, weil die Kommune sie die Straße vor ihrem Haus bezahlen lässt. Einer geht noch: Wer keinen Kredit bekommt, dem stundet die Gemeinde die Kosten &#8211; für 6 Prozent. Die Gemeinde verdient also noch an der misslichen Lage, in die sie ihre Bürger gebracht hat.</p>
<p>Selbst der Bürgermeister von Suhlendorf gesteht im Gespräch, dass das wohl &#8220;nicht fair&#8221; sei und &#8220;nicht so sein sollte&#8221;. Aber er könne da nichts machen. </p>
<p>Unsinn, sagt Ernst Niemeier. Der pensionierte Professor für Volkswirtschaftslehre sollte selbst den <a href="https://de.wikipedia.org/wiki/Stra%C3%9Fenbaubeitrag">Straßenbaubeitrag</a> entrichten und hat &#8211; unterstützt vom  <a href=" http://avgkd.de/zwei-verfassungsbeschwerden/">Allgemeinen Verein für gerechte Kommunalabgaben</a> &#8211; Verfassungsbeschwerde gegen die Kommunalabgabengesetze eingereicht, die den Gemeinden erlauben, ihre Bürger für die Straßen vor ihren Häusern zahlen zu lassen. Diese Beschwerde wurde jetzt abgewiesen. Als DocPhil mit Niemeier sprach, war das noch nicht klar.</p>
<p><strong>UPDATE, 24.7.2014</strong></p>
<p>Das Bundesverfassungsgericht hat eine Entscheidung gefällt zu <em>wiederkehrenden</em> Straßenbaubeiträgen und sie für zulässig erklärt. Die Pressemitteilung des BVG dazu <a href="https://www.bundesverfassungsgericht.de/pressemitteilungen/bvg14-064.html">hier</a>.</p>
<p>Ernst Niemeier schreibt mir dazu:</p>
<blockquote><p>&#8220;Dieses Urteil prüft das Vorhandensein eines besonderen Vorteils der Grundstückseigentümer nicht. Es geht davon aus und lehnt sich dabei an die Verwaltungsrechtsprechung an, dass ein solcher Vorteil besteht. Nicht die Zugangsmöglichkeit vom Grundstück aus wird durch die Straßenerneuerung verbessert (die im Übrigen durch den Erschließungsbeitrag abgegolten wurde), sondern die bessere und schonendere Nutzbarkeit der Straße. Diesen Vorteil haben alle Straßennutzer, die Grundstückseigentümer-Nutzer und die Fremdnutzer (die nicht mit der Allgemeinheit gleichzusetzen sind). Einen besonderen Vorteil für das Grundstück gibt es nicht. Die vom Gericht wiederholte Steigerung des Gebrauchswertes stimmt schon deshalb nicht, weil dieser Wert dann durch die Straßenabnutzung gesunken ist und die vermeintliche Gebrauchswertsteigerung nur ein Nachteilsausgleich ist. Es gibt keinen besonderen grundstücksbezogenen Vorteil. Deshalb entkräftet das Urteil unsere Kritik nicht.&#8221;</p></blockquote>
<p><strong>UPDATE, 24.9.2014</strong></p>
<p><a href="http://www.verwaltungsgericht-osnabrueck.niedersachsen.de/portal/live.php?navigation_id=19717&#038;article_id=127974&#038;_psmand=129">Verwaltungsgericht Osnabrück: Landwirt obsiegt mit Klage gegen Straßenausbaubeitrag &#8211; privater Anlieger verliert</a></p>
