{"id":184,"date":"2007-06-14T08:51:19","date_gmt":"2007-06-14T06:51:19","guid":{"rendered":"http:\/\/www.kuechenradio.org\/wp\/?p=184"},"modified":"2007-06-14T08:51:21","modified_gmt":"2007-06-14T06:51:21","slug":"kr_106-ruetli","status":"publish","type":"podcast","link":"https:\/\/www.kuechenstud.io\/kuechenradio\/episode\/kr_106-ruetli\/","title":{"rendered":"KR_106 &#8211; Ruetli"},"content":{"rendered":"<p>Heute im Dschungel Neuk\u00f6lln zu Gast bei Tom Hansing, Soziologe, Siebdrucker und Wahl-Neuk\u00f6llner aus Leidenschaft. Zusammen mit ein paar Gleichgesinnten hat er f\u00fcr Neuk\u00f6llner Hauptsch\u00fcler und ihre Sympathisanten &#8220;R\u00fctli-Wear&#8221; erfunden. Kurzum: Es geht um bedruckte T-Shirts und das ins Positive kehren negativer Images sowie die dunkle Macht der Massenmedien. Cindy sitzt auf einem Bierkasten-Steck-Hocker (super Patent!), Onkel Andi kommt zu sp\u00e4t und Katja leitet das Gespr\u00e4ch. <\/p>\n","protected":false},"author":1,"featured_media":0,"comment_status":"open","ping_status":"open","template":"","meta":{"_acf_changed":false,"footnotes":""},"tags":[],"class_list":["post-184","podcast","type-podcast","status-publish","hentry","post"],"acf":[],"_links":{"self":[{"href":"https:\/\/www.kuechenstud.io\/kuechenradio\/wp-json\/wp\/v2\/episodes\/184","targetHints":{"allow":["GET"]}}],"collection":[{"href":"https:\/\/www.kuechenstud.io\/kuechenradio\/wp-json\/wp\/v2\/episodes"}],"about":[{"href":"https:\/\/www.kuechenstud.io\/kuechenradio\/wp-json\/wp\/v2\/types\/podcast"}],"author":[{"embeddable":true,"href":"https:\/\/www.kuechenstud.io\/kuechenradio\/wp-json\/wp\/v2\/users\/1"}],"replies":[{"embeddable":true,"href":"https:\/\/www.kuechenstud.io\/kuechenradio\/wp-json\/wp\/v2\/comments?post=184"}],"version-history":[{"count":0,"href":"https:\/\/www.kuechenstud.io\/kuechenradio\/wp-json\/wp\/v2\/episodes\/184\/revisions"}],"wp:attachment":[{"href":"https:\/\/www.kuechenstud.io\/kuechenradio\/wp-json\/wp\/v2\/media?parent=184"}],"wp:term":[{"taxonomy":"post_tag","embeddable":true,"href":"https:\/\/www.kuechenstud.io\/kuechenradio\/wp-json\/wp\/v2\/tags?post=184"}],"curies":[{"name":"wp","href":"https:\/\/api.w.org\/{rel}","templated":true}]}}

<p>Heute im Dschungel Neukölln zu Gast bei Tom Hansing, Soziologe, Siebdrucker und Wahl-Neuköllner aus Leidenschaft. Zusammen mit ein paar Gleichgesinnten hat er für Neuköllner Hauptschüler und ihre Sympathisanten &#8220;Rütli-Wear&#8221; erfunden. Kurzum: Es geht um bedruckte T-Shirts und das ins Positive kehren negativer Images sowie die dunkle Macht der Massenmedien. Cindy sitzt auf einem Bierkasten-Steck-Hocker (super Patent!), Onkel Andi kommt zu spät und Katja leitet das Gespräch. </p>
