{"id":14,"date":"2005-05-17T20:29:13","date_gmt":"2005-05-17T18:29:13","guid":{"rendered":"http:\/\/www.kuechenradio.org\/wp\/?p=14"},"modified":"2013-08-11T22:43:05","modified_gmt":"2013-08-11T20:43:05","slug":"kr_004-rei","status":"publish","type":"podcast","link":"https:\/\/www.kuechenstud.io\/kuechenradio\/episode\/kr_004-rei\/","title":{"rendered":"KR_004 &#8211; Rei"},"content":{"rendered":"<p>Kuechenradio, die Vierte. Beim Cidre: Rei, der Mann, der im Club schl\u00e4ft. <\/p>\n<p><img decoding=\"async\" src=\"https:\/\/www.kuechenstud.io\/kuechenradio\/files\/Rei01.JPG\" alt=\"\" width=\"450\"\/><br \/>\nRei mit Partnerin (unbekannt, auch Rei)<\/p>\n<p><img decoding=\"async\" src=\"https:\/\/www.kuechenstud.io\/kuechenradio\/files\/Rei02.jpg\" alt=\"\" width=\"450\" \/><br \/>\nReis Kollegen in der Galerie (Golden Gate, Berlin-Mitte)<\/p>\n<p>Wir haben es diesmal als 64 kbit\/s komprimiert. Aber als mp3 klang das schrecklich. Also noch mal 128. N\u00e4chste Woche: <a href=\"http:\/\/www.hotelperformance.de\/\">Stephane<\/a>, Lieben im Elsa, Leben in Hotels.<\/p>\n<p>UPDATE: Reis Galerie wurde gestern von der Polizei geschlossen, <a href=\"http:\/\/www.tagesspiegel.de\/berlin\/index.asp?gotos=http:\/\/archiv.tagesspiegel.de\/toolbox-neu.php?ran=on&#038;url=http:\/\/archiv.tagesspiegel.de\/archiv\/23.05.2005\/1832387.asp#art\">schreibt der Tagesspiegel<\/a>. <\/p>\n<p>Rei schreibt dazu: &#8220;stein des anstoes am abend des 21. mai 2005 war eine private party, die nirgendwo angek\u00fcndigt war und zu der nur geladene g\u00e4ste erwartet wurden, auf der jedoch eine schlecht sichernde t\u00fcrpolitik betrieben wurde, so dass fehlerhafterweise beh\u00f6rdenmitarbeitern, die an jenem abend zu einer art rundumschlag gegen partyorte im einsatz waren, zutritt gew\u00e4hrt wurde. diese haben die veranstaltung (mit m\u00f6glicherweise zweifelhaften begr\u00fcndungen) als nicht privat eingestuft und deswegen unterbunden und aufgel\u00f6st. <\/p>\n<p>veranstaltungen in der vergangenheit in den stadtbahnb\u00f6gen 77\/78 waren entweder durch die gestattung durch beh\u00f6rden als \u00f6ffentliche veranstaltungen genehmigt worden oder verstieen als rein private veranstaltungen nicht gegen rechtliche bestimmungen. <\/p>\n<p>davon abgesehen steht die in den stadtbahnb\u00f6gen 77\/78 beheimatete \u00f6rtlichkeit kurz vor dem abschluss der bauarbeiten, die beh\u00f6rdenseitig gefordert wurden, um dort einen stetigen, offiziell lizensierten ausschank betreiben zu k\u00f6nnen. ein entsprechendes genehmigungsverfahren ist schon vor l\u00e4ngerer zeit in die wege geleitet worden. <\/p>\n<p>der f\u00fcr die manahmen am 21.mai 2005 zust\u00e4ndige federf\u00fchrende beh\u00f6rdenmitarbeiter hat bereits zugesagt, die r\u00e4ume f\u00fcr die vervollst\u00e4ndigung der baut\u00e4tigkeiten heute noch wieder zu \u00f6ffnen. es kann also damit gerechnet werden, dass in k\u00fcrze in den stadtbahnb\u00f6gen ein st\u00e4ndig ge\u00f6ffneter ausstellungs- und ausschankbetrieb auf g\u00e4ste wartet. der name dieser lokalit\u00e4t wird voraussichtlich &#8216;wtc&#8217; sein. andere sich in der zwischenzeit eingeb\u00fcrgerte namen werden voraussichtlich nicht beibehalten werden.&#8221; <\/p>\n<p>Bis denn.<\/p>\n","protected":false},"author":1,"featured_media":1427,"comment_status":"open","ping_status":"open","template":"","meta":{"_acf_changed":false,"footnotes":""},"tags":[],"class_list":["post-14","podcast","type-podcast","status-publish","has-post-thumbnail","hentry","post"],"acf":[],"_links":{"self":[{"href":"https:\/\/www.kuechenstud.io\/kuechenradio\/wp-json\/wp\/v2\/episodes\/14","targetHints":{"allow":["GET"]}}],"collection":[{"href":"https:\/\/www.kuechenstud.io\/kuechenradio\/wp-json\/wp\/v2\/episodes"}],"about":[{"href":"https:\/\/www.kuechenstud.io\/kuechenradio\/wp-json\/wp\/v2\/types\/podcast"}],"author":[{"embeddable":true,"href":"https:\/\/www.kuechenstud.io\/kuechenradio\/wp-json\/wp\/v2\/users\/1"}],"replies":[{"embeddable":true,"href":"https:\/\/www.kuechenstud.io\/kuechenradio\/wp-json\/wp\/v2\/comments?post=14"}],"version-history":[{"count":1,"href":"https:\/\/www.kuechenstud.io\/kuechenradio\/wp-json\/wp\/v2\/episodes\/14\/revisions"}],"predecessor-version":[{"id":2157,"href":"https:\/\/www.kuechenstud.io\/kuechenradio\/wp-json\/wp\/v2\/episodes\/14\/revisions\/2157"}],"wp:featuredmedia":[{"embeddable":true,"href":"https:\/\/www.kuechenstud.io\/kuechenradio\/wp-json\/wp\/v2\/media\/1427"}],"wp:attachment":[{"href":"https:\/\/www.kuechenstud.io\/kuechenradio\/wp-json\/wp\/v2\/media?parent=14"}],"wp:term":[{"taxonomy":"post_tag","embeddable":true,"href":"https:\/\/www.kuechenstud.io\/kuechenradio\/wp-json\/wp\/v2\/tags?post=14"}],"curies":[{"name":"wp","href":"https:\/\/api.w.org\/{rel}","templated":true}]}}

<p>Kuechenradio, die Vierte. Beim Cidre: Rei, der Mann, der im Club schläft. </p>
<p><img decoding="async" src="https://www.kuechenstud.io/kuechenradio/files/Rei01.JPG" alt="" width="450"/><br />
Rei mit Partnerin (unbekannt, auch Rei)</p>
<p><img decoding="async" src="https://www.kuechenstud.io/kuechenradio/files/Rei02.jpg" alt="" width="450" /><br />
Reis Kollegen in der Galerie (Golden Gate, Berlin-Mitte)</p>
<p>Wir haben es diesmal als 64 kbit/s komprimiert. Aber als mp3 klang das schrecklich. Also noch mal 128. Nächste Woche: <a href="http://www.hotelperformance.de/">Stephane</a>, Lieben im Elsa, Leben in Hotels.</p>
<p>UPDATE: Reis Galerie wurde gestern von der Polizei geschlossen, <a href="http://www.tagesspiegel.de/berlin/index.asp?gotos=http://archiv.tagesspiegel.de/toolbox-neu.php?ran=on&#038;url=http://archiv.tagesspiegel.de/archiv/23.05.2005/1832387.asp#art">schreibt der Tagesspiegel</a>. </p>
<p>Rei schreibt dazu: &#8220;stein des anstoes am abend des 21. mai 2005 war eine private party, die nirgendwo angekündigt war und zu der nur geladene gäste erwartet wurden, auf der jedoch eine schlecht sichernde türpolitik betrieben wurde, so dass fehlerhafterweise behördenmitarbeitern, die an jenem abend zu einer art rundumschlag gegen partyorte im einsatz waren, zutritt gewährt wurde. diese haben die veranstaltung (mit möglicherweise zweifelhaften begründungen) als nicht privat eingestuft und deswegen unterbunden und aufgelöst. </p>
<p>veranstaltungen in der vergangenheit in den stadtbahnbögen 77/78 waren entweder durch die gestattung durch behörden als öffentliche veranstaltungen genehmigt worden oder verstieen als rein private veranstaltungen nicht gegen rechtliche bestimmungen. </p>
<p>davon abgesehen steht die in den stadtbahnbögen 77/78 beheimatete örtlichkeit kurz vor dem abschluss der bauarbeiten, die behördenseitig gefordert wurden, um dort einen stetigen, offiziell lizensierten ausschank betreiben zu können. ein entsprechendes genehmigungsverfahren ist schon vor längerer zeit in die wege geleitet worden. </p>
<p>der für die manahmen am 21.mai 2005 zuständige federführende behördenmitarbeiter hat bereits zugesagt, die räume für die vervollständigung der bautätigkeiten heute noch wieder zu öffnen. es kann also damit gerechnet werden, dass in kürze in den stadtbahnbögen ein ständig geöffneter ausstellungs- und ausschankbetrieb auf gäste wartet. der name dieser lokalität wird voraussichtlich &#8216;wtc&#8217; sein. andere sich in der zwischenzeit eingebürgerte namen werden voraussichtlich nicht beibehalten werden.&#8221; </p>
<p>Bis denn.</p>
