{"id":1313,"date":"2012-05-21T09:05:37","date_gmt":"2012-05-21T07:05:37","guid":{"rendered":"http:\/\/www.kuechenradio.org\/wp\/?p=1313"},"modified":"2013-02-27T10:54:37","modified_gmt":"2013-02-27T09:54:37","slug":"kr326-deutschwerden","status":"publish","type":"podcast","link":"https:\/\/www.kuechenstud.io\/kuechenradio\/episode\/kr326-deutschwerden\/","title":{"rendered":"KR326 Deutschwerden"},"content":{"rendered":"<p><img decoding=\"async\" src=\"https:\/\/www.kuechenstud.io\/kuechenradio\/files\/deutschwerden.jpg\" width=\"600\" alt=\"Deutscher Werden\" \/><\/p>\n<p>Die deutsch-mexikanische bersetzerin Iliana S\u00e1nchez Roa hat sich mehr als ein Jahrdutzend lang \u00fcberlegt, ob sie deutsch werden soll oder nicht &#8211; als sie endlich zur Einb\u00fcrgerung schritt, war der Beamte beleidigt, dass sie so sp\u00e4t kommt. Viele, die deutsch werden wollen, denken offenbar nicht l\u00e4nger dar\u00fcber nach, als unbedingt n\u00f6tig. Dabei bedeutet es doch, auch die Last der deutschen Geschichte zu tragen. Oder nicht? Iliana erkl\u00e4rt heute Touristen in den ehemaligen Gestapo-Folterkellern die Feinheiten des NS-Unterdr\u00fcckungsapparates. Leider h\u00e4tten wir noch Zeit gehabt, abzufragen, ob sie die Nationalhymne auswendig kann, auch war ein Quiz mit dem offiziellen Einb\u00fcrgerungstest geplant &#8211; wer wei schon, welche Farbe der Bundesadler auf dem Wappen der BRD hat? Einwanderer m\u00fcssen es wissen &#8211; aber Cindy war wie immer auf dem Sprung und verlie den K\u00fcchentisch ganz pl\u00f6tzlich. Das Quiz wird nachgeholt. Ein K\u00fcchenradio in altem Stil.<\/p>\n","protected":false},"author":4,"featured_media":1660,"comment_status":"open","ping_status":"open","template":"","meta":{"_acf_changed":false,"footnotes":""},"tags":[],"class_list":["post-1313","podcast","type-podcast","status-publish","has-post-thumbnail","hentry","post"],"acf":[],"_links":{"self":[{"href":"https:\/\/www.kuechenstud.io\/kuechenradio\/wp-json\/wp\/v2\/episodes\/1313","targetHints":{"allow":["GET"]}}],"collection":[{"href":"https:\/\/www.kuechenstud.io\/kuechenradio\/wp-json\/wp\/v2\/episodes"}],"about":[{"href":"https:\/\/www.kuechenstud.io\/kuechenradio\/wp-json\/wp\/v2\/types\/podcast"}],"author":[{"embeddable":true,"href":"https:\/\/www.kuechenstud.io\/kuechenradio\/wp-json\/wp\/v2\/users\/4"}],"replies":[{"embeddable":true,"href":"https:\/\/www.kuechenstud.io\/kuechenradio\/wp-json\/wp\/v2\/comments?post=1313"}],"version-history":[{"count":5,"href":"https:\/\/www.kuechenstud.io\/kuechenradio\/wp-json\/wp\/v2\/episodes\/1313\/revisions"}],"predecessor-version":[{"id":2001,"href":"https:\/\/www.kuechenstud.io\/kuechenradio\/wp-json\/wp\/v2\/episodes\/1313\/revisions\/2001"}],"wp:featuredmedia":[{"embeddable":true,"href":"https:\/\/www.kuechenstud.io\/kuechenradio\/wp-json\/wp\/v2\/media\/1660"}],"wp:attachment":[{"href":"https:\/\/www.kuechenstud.io\/kuechenradio\/wp-json\/wp\/v2\/media?parent=1313"}],"wp:term":[{"taxonomy":"post_tag","embeddable":true,"href":"https:\/\/www.kuechenstud.io\/kuechenradio\/wp-json\/wp\/v2\/tags?post=1313"}],"curies":[{"name":"wp","href":"https:\/\/api.w.org\/{rel}","templated":true}]}}

<p><img decoding="async" src="https://www.kuechenstud.io/kuechenradio/files/deutschwerden.jpg" width="600" alt="Deutscher Werden" /></p>
<p>Die deutsch-mexikanische bersetzerin Iliana Sánchez Roa hat sich mehr als ein Jahrdutzend lang überlegt, ob sie deutsch werden soll oder nicht &#8211; als sie endlich zur Einbürgerung schritt, war der Beamte beleidigt, dass sie so spät kommt. Viele, die deutsch werden wollen, denken offenbar nicht länger darüber nach, als unbedingt nötig. Dabei bedeutet es doch, auch die Last der deutschen Geschichte zu tragen. Oder nicht? Iliana erklärt heute Touristen in den ehemaligen Gestapo-Folterkellern die Feinheiten des NS-Unterdrückungsapparates. Leider hätten wir noch Zeit gehabt, abzufragen, ob sie die Nationalhymne auswendig kann, auch war ein Quiz mit dem offiziellen Einbürgerungstest geplant &#8211; wer wei schon, welche Farbe der Bundesadler auf dem Wappen der BRD hat? Einwanderer müssen es wissen &#8211; aber Cindy war wie immer auf dem Sprung und verlie den Küchentisch ganz plötzlich. Das Quiz wird nachgeholt. Ein Küchenradio in altem Stil.</p>
