{"id":1029,"date":"2011-04-27T19:46:54","date_gmt":"2011-04-27T17:46:54","guid":{"rendered":"http:\/\/www.kuechenradio.org\/wp\/?p=1029"},"modified":"2013-02-27T11:51:20","modified_gmt":"2013-02-27T10:51:20","slug":"kr294-wir-werden-6","status":"publish","type":"podcast","link":"https:\/\/www.kuechenstud.io\/kuechenradio\/episode\/kr294-wir-werden-6\/","title":{"rendered":"KR294 Wir werden 6"},"content":{"rendered":"<p><img decoding=\"async\" src=\"https:\/\/www.kuechenstud.io\/kuechenradio\/files\/sechsjahre_bosch.jpg\" alt=\"Foto von @bosch\" \/><\/p>\n<h6><em>Foto: <a href=\"http:\/\/instagr.am\/p\/DlB5F\/\">Bosch<\/a><\/em><\/h6>\n<p>K\u00fcchenradio ist sechs Jahre alt und damit einer der \u00e4ltesten noch lebenden deutschen Podcasts :) Wir haben dieses feine Ereignis mit Publikum und G\u00e4sten gefeiert im Berliner <a href=\"http:\/\/www.facebook.com\/soupanova\">Soupanova<\/a>. <\/p>\n<p><img decoding=\"async\" src=\"https:\/\/www.kuechenstud.io\/kuechenradio\/files\/sechsjahre_papier.jpg\" alt=\"Foto von @papier_schiff\" \/><\/p>\n<h6><em>Foto: <a href=\"http:\/\/twitpic.com\/4pubxd\">Papier_Schiff<\/a><\/em><\/h6>\n<p>Auf der B\u00fchne sa das komplette und vers\u00f6hnte K\u00fcchenradio-Team, gemeinsam mit den Twitterern <a href=\"http:\/\/twitter.com\/MSPro\">MSPro<\/a> und <a href=\"http:\/\/twitter.com\/Bosch\">Bosch<\/a>, mit denen wir \u00fcber Twitterlesungen, Twitterb\u00fccher, Tweets und <a href=\"http:\/\/www.twitkrit.de\/\">Tweet-Kritik<\/a> gesprochen haben. Nat\u00fcrlich ging es auch um die sch\u00f6nen und nicht so sch\u00f6nen Momente der vergangenen Jahre. Wir fanden es einen gelungen, unterhaltsamen Abend. <\/p>\n<p><img decoding=\"async\" src=\"https:\/\/www.kuechenstud.io\/kuechenradio\/files\/sechsjahre_dj.jpg\" alt=\"Foto von @philipbanse\" \/><\/p>\n<p>Dank an alle, die da waren. Dank an alle, die uns so lange treu geblieben sind und Hallo an alle, die jetzt noch dazu stoen.<br \/>\nWir machen jedenfalls weiter, wahrscheinlich auch wieder mehr im alten Format. Mehr dazu bald hier auf diesem Kanal.<\/p>\n","protected":false},"author":6,"featured_media":1652,"comment_status":"open","ping_status":"open","template":"","meta":{"_acf_changed":false,"footnotes":""},"tags":[],"class_list":["post-1029","podcast","type-podcast","status-publish","has-post-thumbnail","hentry","post"],"acf":[],"_links":{"self":[{"href":"https:\/\/www.kuechenstud.io\/kuechenradio\/wp-json\/wp\/v2\/episodes\/1029","targetHints":{"allow":["GET"]}}],"collection":[{"href":"https:\/\/www.kuechenstud.io\/kuechenradio\/wp-json\/wp\/v2\/episodes"}],"about":[{"href":"https:\/\/www.kuechenstud.io\/kuechenradio\/wp-json\/wp\/v2\/types\/podcast"}],"author":[{"embeddable":true,"href":"https:\/\/www.kuechenstud.io\/kuechenradio\/wp-json\/wp\/v2\/users\/6"}],"replies":[{"embeddable":true,"href":"https:\/\/www.kuechenstud.io\/kuechenradio\/wp-json\/wp\/v2\/comments?post=1029"}],"version-history":[{"count":12,"href":"https:\/\/www.kuechenstud.io\/kuechenradio\/wp-json\/wp\/v2\/episodes\/1029\/revisions"}],"predecessor-version":[{"id":2038,"href":"https:\/\/www.kuechenstud.io\/kuechenradio\/wp-json\/wp\/v2\/episodes\/1029\/revisions\/2038"}],"wp:featuredmedia":[{"embeddable":true,"href":"https:\/\/www.kuechenstud.io\/kuechenradio\/wp-json\/wp\/v2\/media\/1652"}],"wp:attachment":[{"href":"https:\/\/www.kuechenstud.io\/kuechenradio\/wp-json\/wp\/v2\/media?parent=1029"}],"wp:term":[{"taxonomy":"post_tag","embeddable":true,"href":"https:\/\/www.kuechenstud.io\/kuechenradio\/wp-json\/wp\/v2\/tags?post=1029"}],"curies":[{"name":"wp","href":"https:\/\/api.w.org\/{rel}","templated":true}]}}

<p><img decoding="async" src="https://www.kuechenstud.io/kuechenradio/files/sechsjahre_bosch.jpg" alt="Foto von @bosch" /></p>
<h6><em>Foto: <a href="http://instagr.am/p/DlB5F/">Bosch</a></em></h6>
<p>Küchenradio ist sechs Jahre alt und damit einer der ältesten noch lebenden deutschen Podcasts :) Wir haben dieses feine Ereignis mit Publikum und Gästen gefeiert im Berliner <a href="http://www.facebook.com/soupanova">Soupanova</a>. </p>
<p><img decoding="async" src="https://www.kuechenstud.io/kuechenradio/files/sechsjahre_papier.jpg" alt="Foto von @papier_schiff" /></p>
<h6><em>Foto: <a href="http://twitpic.com/4pubxd">Papier_Schiff</a></em></h6>
<p>Auf der Bühne sa das komplette und versöhnte Küchenradio-Team, gemeinsam mit den Twitterern <a href="http://twitter.com/MSPro">MSPro</a> und <a href="http://twitter.com/Bosch">Bosch</a>, mit denen wir über Twitterlesungen, Twitterbücher, Tweets und <a href="http://www.twitkrit.de/">Tweet-Kritik</a> gesprochen haben. Natürlich ging es auch um die schönen und nicht so schönen Momente der vergangenen Jahre. Wir fanden es einen gelungen, unterhaltsamen Abend. </p>
<p><img decoding="async" src="https://www.kuechenstud.io/kuechenradio/files/sechsjahre_dj.jpg" alt="Foto von @philipbanse" /></p>
<p>Dank an alle, die da waren. Dank an alle, die uns so lange treu geblieben sind und Hallo an alle, die jetzt noch dazu stoen.<br />
Wir machen jedenfalls weiter, wahrscheinlich auch wieder mehr im alten Format. Mehr dazu bald hier auf diesem Kanal.</p>
